{"id":35,"date":"2019-10-11T19:48:48","date_gmt":"2019-10-11T23:48:48","guid":{"rendered":"https:\/\/recherche.uqac.ca\/cer\/?page_id=35"},"modified":"2023-01-18T13:32:02","modified_gmt":"2023-01-18T18:32:02","slug":"formation-en-ethique-de-la-recherche","status":"publish","type":"page","link":"https:\/\/recherche.uqac.ca\/cer\/formation-en-ethique-de-la-recherche\/","title":{"rendered":"Formation en \u00e9thique de la recherche"},"content":{"rendered":"<p><span style=\"color: #555856;\">Les organismes subventionnaires f\u00e9d\u00e9raux (CRSH, CRSNG et IRSC) ainsi que le minist\u00e8re de la Sant\u00e9 et des Services sociaux proposent aux \u00e9tudiants-chercheurs, chercheurs et membres des comit\u00e9s d&rsquo;\u00e9thique de la recherche\u00a0des formations en ligne, au terme des quelles, une certification est d\u00e9livr\u00e9e \u00e0 l&rsquo;utilisateur. Ces formations, pr\u00e9sent\u00e9es sous forme de didacticiel, sont constitu\u00e9es de courtes synth\u00e8ses relatives aux r\u00e8gles et aux cadres normatifs de l&rsquo;\u00e9thique de la recherche et accompagn\u00e9es de mises en situation et de questions.<\/span><\/p>\n<p><span style=\"color: #008000;\"><em><span style=\"text-decoration: underline;\"><span style=\"text-decoration: underline;\"><a style=\"color: #008000; text-decoration: underline;\" href=\"http:\/\/eptc2fer.ca\/welcome\" target=\"_blank\">Didacticiel des organismes subventionnaires f\u00e9d\u00e9raux (EPTC2)<\/a><\/span><\/span><\/em><\/span><\/p>\n<p><span style=\"color: #008000;\"><em><span style=\"text-decoration: underline;\"><span style=\"text-decoration: underline;\"><a style=\"color: #008000; text-decoration: underline;\" href=\"http:\/\/ethique.msss.gouv.qc.ca\/didacticiel\/\" target=\"_blank\">Didacticiel du minist\u00e8re de la Sant\u00e9 et des Services sociaux<\/a><\/span><\/span><\/em><\/span><\/p>\n<p><strong>R\u00e9f\u00e9rences utiles<\/strong><\/p>\n<p><span style=\"color: #008000;\"><em><a style=\"color: #008000;\" href=\"https:\/\/ethique.gc.ca\/fra\/documents\/tcps2-2022-fr.pdf\" target=\"_blank\"><u>\u00c9nonc\u00e9 de politique des trois Conseils: \u00c9thique de la recherche avec des \u00eatres humains<\/u><\/a>\u00a0(EPTC2-2022)<\/em><\/span><\/p>\n<p><span style=\"color: #008000;\"><em><a style=\"color: #008000;\" href=\"http:\/\/www.frqsc.gouv.qc.ca\/documents\/10191\/186005\/Politique+sur+la+CRR_FRQ_2014.pdf\/4e383bf5-95f6-45c2-be65-08879f8788a1\" target=\"_blank\"><u>Politique sur la conduite responsable en recherche des Fonds de recherche du Qu\u00e9bec<\/u><\/a><\/em><\/span><\/p>\n","protected":false},"excerpt":{"rendered":"<p>Les organismes subventionnaires f\u00e9d\u00e9raux (CRSH, CRSNG et IRSC) ainsi que le minist\u00e8re de la Sant\u00e9 et des Services sociaux proposent aux \u00e9tudiants-chercheurs, chercheurs et membres des comit\u00e9s d&rsquo;\u00e9thique de la recherche\u00a0des formations en ligne, au terme des quelles, une certification est d\u00e9livr\u00e9e \u00e0 l&rsquo;utilisateur. Ces formations, pr\u00e9sent\u00e9es sous forme de didacticiel, sont constitu\u00e9es de courtes &hellip; <a href=\"https:\/\/recherche.uqac.ca\/cer\/formation-en-ethique-de-la-recherche\/\" class=\"more-link\">Continuer la lecture de <span class=\"screen-reader-text\">Formation en \u00e9thique de la recherche<\/span>  <span class=\"meta-nav\">&rarr;<\/span><\/a><\/p>\n","protected":false},"author":22,"featured_media":0,"parent":0,"menu_order":0,"comment_status":"closed","ping_status":"closed","template":"","meta":{"footnotes":""},"_links":{"self":[{"href":"https:\/\/recherche.uqac.ca\/cer\/wp-json\/wp\/v2\/pages\/35"}],"collection":[{"href":"https:\/\/recherche.uqac.ca\/cer\/wp-json\/wp\/v2\/pages"}],"about":[{"href":"https:\/\/recherche.uqac.ca\/cer\/wp-json\/wp\/v2\/types\/page"}],"author":[{"embeddable":true,"href":"https:\/\/recherche.uqac.ca\/cer\/wp-json\/wp\/v2\/users\/22"}],"replies":[{"embeddable":true,"href":"https:\/\/recherche.uqac.ca\/cer\/wp-json\/wp\/v2\/comments?post=35"}],"version-history":[{"count":6,"href":"https:\/\/recherche.uqac.ca\/cer\/wp-json\/wp\/v2\/pages\/35\/revisions"}],"predecessor-version":[{"id":378,"href":"https:\/\/recherche.uqac.ca\/cer\/wp-json\/wp\/v2\/pages\/35\/revisions\/378"}],"wp:attachment":[{"href":"https:\/\/recherche.uqac.ca\/cer\/wp-json\/wp\/v2\/media?parent=35"}],"curies":[{"name":"wp","href":"https:\/\/api.w.org\/{rel}","templated":true}]}}