{"id":10,"date":"2018-04-18T03:57:00","date_gmt":"2018-04-18T02:57:00","guid":{"rendered":"https:\/\/recherche.uqac.ca\/labbionr\/?page_id=10"},"modified":"2023-03-30T10:50:49","modified_gmt":"2023-03-30T14:50:49","slug":"a-propos","status":"publish","type":"page","link":"https:\/\/recherche.uqac.ca\/labbionr\/","title":{"rendered":"\u00c0 propos"},"content":{"rendered":"<p style=\"text-align: justify\"><a href=\"https:\/\/recherche.uqac.ca\/labbionr\/wp-content\/uploads\/sites\/7\/2018\/04\/Logo_variation-1_Lab-BioNR.png\"><img loading=\"lazy\" decoding=\"async\" class=\"alignnone size-full wp-image-176\" src=\"https:\/\/recherche.uqac.ca\/labbionr\/wp-content\/uploads\/sites\/7\/2018\/04\/Logo_variation-1_Lab-BioNR.png\" alt=\"Logo_variation 1_Lab BioNR\" width=\"787\" height=\"235\" srcset=\"https:\/\/recherche.uqac.ca\/labbionr\/wp-content\/uploads\/sites\/7\/2018\/04\/Logo_variation-1_Lab-BioNR.png 787w, https:\/\/recherche.uqac.ca\/labbionr\/wp-content\/uploads\/sites\/7\/2018\/04\/Logo_variation-1_Lab-BioNR-300x90.png 300w\" sizes=\"(max-width: 787px) 100vw, 787px\" \/><\/a>Le Lab BioNR est un regroupement de chercheurs du D\u00e9partement des sciences de la sant\u00e9 de l\u2019UQAC form\u00e9 des professeurs et membres r\u00e9guliers Suzy Ngomo, S\u00e9bastien Dufresne, Rubens Alexandre da Silva Jr., Martin Lavalli\u00e8re et Louis-David Beaulieu. Notre \u00e9quipe s\u2019int\u00e9resse aux d\u00e9ficiences affectant les syst\u00e8mes neuro-musculo-squelettique causant des incapacit\u00e9s physiques et fonctionnelles significatives dans la r\u00e9alisation de t\u00e2ches au quotidiennes et dans la soci\u00e9t\u00e9.<\/p>\n<ul>\n<li>Le Lab BioNR a \u00e9t\u00e9 accr\u00e9dit\u00e9 officiellement le 14 f\u00e9vrier 2018. \u00c0 ce moment, 3 chercheurs r\u00e9guliers, un \u00e9tudiant au doctorat et 5 \u00e9tudiants \u00e0 la maitrise y si\u00e9geaient.<\/li>\n<li>Entre 2018 et 2023, nous avons pu compter 5 membres chercheurs r\u00e9guliers, 7 chercheurs associ\u00e9s, 5 \u00e9tudiants au post-doctorat, 4 au doctorat, 30 \u00e0 la maitrise et plus d\u2019une dizaine d\u2019\u00e9tudiants au premier cycle.<\/li>\n<li>Depuis 2018, pr\u00e8s de 3M$ en fonds de recherche comme chercheur ou co-chercheur ont \u00e9t\u00e9 attribu\u00e9s, plus de 100 articles ont \u00e9t\u00e9 publi\u00e9s dans des revues avec comit\u00e9 de pairs et pr\u00e8s de 20 rapports de recherche, m\u00e9moires et th\u00e8ses ont \u00e9t\u00e9 r\u00e9dig\u00e9s.<\/li>\n<li>Depuis 2022, un comit\u00e9 \u00e9tudiant est en fonction pour contribuer \u00e0 la vie collective au sein du laboratoire.<\/li>\n<li>\u00c0 la fin de l\u2019ann\u00e9e 2022, un comit\u00e9 EDI (\u00e9quit\u00e9, diversit\u00e9, inclusion) a \u00e9t\u00e9 cr\u00e9\u00e9 et celui-ci a m\u00eame d\u00e9j\u00e0 pr\u00eat\u00e9 une conf\u00e9rence \u00e0 la semaine de la valorisation de la diversit\u00e9 de l\u2019UQAC en mars 2023.<\/li>\n<\/ul>\n<p style=\"text-align: justify\">\n","protected":false},"excerpt":{"rendered":"<p>Le Lab BioNR est un regroupement de chercheurs du D\u00e9partement des sciences de la sant\u00e9 de l\u2019UQAC form\u00e9 des professeurs et membres r\u00e9guliers Suzy Ngomo, S\u00e9bastien Dufresne, Rubens Alexandre da Silva Jr., Martin Lavalli\u00e8re et Louis-David Beaulieu. Notre \u00e9quipe s\u2019int\u00e9resse aux d\u00e9ficiences affectant les syst\u00e8mes neuro-musculo-squelettique causant des incapacit\u00e9s physiques et fonctionnelles significatives dans la &hellip; <a href=\"https:\/\/recherche.uqac.ca\/labbionr\/\" class=\"more-link\">Continuer la lecture de <span class=\"screen-reader-text\">\u00c0 propos<\/span>  <span class=\"meta-nav\">&rarr;<\/span><\/a><\/p>\n","protected":false},"author":18,"featured_media":0,"parent":0,"menu_order":0,"comment_status":"closed","ping_status":"closed","template":"","meta":{"footnotes":""},"_links":{"self":[{"href":"https:\/\/recherche.uqac.ca\/labbionr\/wp-json\/wp\/v2\/pages\/10"}],"collection":[{"href":"https:\/\/recherche.uqac.ca\/labbionr\/wp-json\/wp\/v2\/pages"}],"about":[{"href":"https:\/\/recherche.uqac.ca\/labbionr\/wp-json\/wp\/v2\/types\/page"}],"author":[{"embeddable":true,"href":"https:\/\/recherche.uqac.ca\/labbionr\/wp-json\/wp\/v2\/users\/18"}],"replies":[{"embeddable":true,"href":"https:\/\/recherche.uqac.ca\/labbionr\/wp-json\/wp\/v2\/comments?post=10"}],"version-history":[{"count":6,"href":"https:\/\/recherche.uqac.ca\/labbionr\/wp-json\/wp\/v2\/pages\/10\/revisions"}],"predecessor-version":[{"id":417,"href":"https:\/\/recherche.uqac.ca\/labbionr\/wp-json\/wp\/v2\/pages\/10\/revisions\/417"}],"wp:attachment":[{"href":"https:\/\/recherche.uqac.ca\/labbionr\/wp-json\/wp\/v2\/media?parent=10"}],"curies":[{"name":"wp","href":"https:\/\/api.w.org\/{rel}","templated":true}]}}