{"id":144,"date":"2018-07-04T08:57:10","date_gmt":"2018-07-04T12:57:10","guid":{"rendered":"https:\/\/recherche.uqac.ca\/labbionr\/?page_id=144"},"modified":"2023-07-05T10:11:08","modified_gmt":"2023-07-05T14:11:08","slug":"projets-de-recherche-en-cours","status":"publish","type":"page","link":"https:\/\/recherche.uqac.ca\/labbionr\/la-recherche\/projets-de-recherche-en-cours\/","title":{"rendered":"Participants recherch\u00e9s &#8211; Projets de recherche en cours"},"content":{"rendered":"<p><a href=\"https:\/\/scontent-lga3-2.xx.fbcdn.net\/v\/t39.30808-6\/356251819_222853497308929_8409971220872426785_n.jpg?_nc_cat=107&amp;cb=99be929b-59f725be&amp;ccb=1-7&amp;_nc_sid=730e14&amp;_nc_eui2=AeHRcHCcOJWbvX_-TwEXwiPNFKdEwiSOgSsUp0TCJI6BK19dxX7o0XHu7RFcPzF0fHDgpNDl5YF0u0FbojeL4iP_&amp;_nc_ohc=7A90ye7gt6sAX9viyts&amp;_nc_ht=scontent-lga3-2.xx&amp;oh=00_AfCMfH_yhE-Waic_t8QdYluAwwvjtKeG15GMlbw8XDpPIQ&amp;oe=64A0FC5F\">Les r\u00e9actions posturales induites par la vibration chez des individus avec et sans syndrome f\u00e9moral-patellaire<\/a> (mise \u00e0 jour juin 2023)<\/p>\n<p><a href=\"https:\/\/recherche.uqac.ca\/labbionr\/wp-content\/uploads\/sites\/7\/2018\/07\/Fiche-de-recrutement_2023_entrainement.png\">Le pr\u00e9conditionnement isch\u00e9mique et l&rsquo;entrainement par intervalles de haute intensit\u00e9<\/a>\u00a0(mise \u00e0 jour juin 2023)<\/p>\n<p><a href=\"https:\/\/recherche.uqac.ca\/labbionr\/wp-content\/uploads\/sites\/7\/2018\/07\/Publicit\u00e9-de-recrutement-VibFatigueLombalgie_2023-1.png\">Impact de la fatigue musculaire sur le contr\u00f4le<\/a><br \/>\n<a href=\"https:\/\/recherche.uqac.ca\/labbionr\/wp-content\/uploads\/sites\/7\/2018\/07\/Publicit\u00e9-de-recrutement-VibFatigueLombalgie_2023-1.png\">postural et les r\u00e9actions d&rsquo;\u00e9quilibre chez des personnes \u00e2g\u00e9es avec et sans<\/a><br \/>\n<a href=\"https:\/\/recherche.uqac.ca\/labbionr\/wp-content\/uploads\/sites\/7\/2018\/07\/Publicit\u00e9-de-recrutement-VibFatigueLombalgie_2023-1.png\">lombalgie chronique<\/a> (mise \u00e0 jour juin 2023)<\/p>\n<p><a href=\"https:\/\/recherche.uqac.ca\/labbionr\/wp-content\/uploads\/sites\/7\/2018\/07\/Phase-2_Pub_Recrutement_FasciitePlantaire_v20230629.pdf\" target=\"_blank\">\u00c9valuation de la relation entre la morphologie du pied,<\/a><br \/>\n<a href=\"https:\/\/recherche.uqac.ca\/labbionr\/wp-content\/uploads\/sites\/7\/2018\/07\/Phase-2_Pub_Recrutement_FasciitePlantaire_v20230629.pdf\" target=\"_blank\">l&rsquo;\u00e9quilibre posturale et \u00e0 la marche chez des individus adultes et a\u00een\u00e9s avec fasciite plantaire<\/a>. (mise \u00e0 jour juillet 2023)<\/p>\n<p>&nbsp;<\/p>\n<div class=\"page\" title=\"Page 1\"><\/div>\n","protected":false},"excerpt":{"rendered":"<p>Les r\u00e9actions posturales induites par la vibration chez des individus avec et sans syndrome f\u00e9moral-patellaire (mise \u00e0 jour juin 2023) Le pr\u00e9conditionnement isch\u00e9mique et l&rsquo;entrainement par intervalles de haute intensit\u00e9\u00a0(mise \u00e0 jour juin 2023) Impact de la fatigue musculaire sur le contr\u00f4le postural et les r\u00e9actions d&rsquo;\u00e9quilibre chez des personnes \u00e2g\u00e9es avec et sans lombalgie &hellip; <a href=\"https:\/\/recherche.uqac.ca\/labbionr\/la-recherche\/projets-de-recherche-en-cours\/\" class=\"more-link\">Continuer la lecture de <span class=\"screen-reader-text\">Participants recherch\u00e9s &#8211; Projets de recherche en cours<\/span>  <span class=\"meta-nav\">&rarr;<\/span><\/a><\/p>\n","protected":false},"author":18,"featured_media":0,"parent":26,"menu_order":2,"comment_status":"closed","ping_status":"closed","template":"","meta":{"footnotes":""},"_links":{"self":[{"href":"https:\/\/recherche.uqac.ca\/labbionr\/wp-json\/wp\/v2\/pages\/144"}],"collection":[{"href":"https:\/\/recherche.uqac.ca\/labbionr\/wp-json\/wp\/v2\/pages"}],"about":[{"href":"https:\/\/recherche.uqac.ca\/labbionr\/wp-json\/wp\/v2\/types\/page"}],"author":[{"embeddable":true,"href":"https:\/\/recherche.uqac.ca\/labbionr\/wp-json\/wp\/v2\/users\/18"}],"replies":[{"embeddable":true,"href":"https:\/\/recherche.uqac.ca\/labbionr\/wp-json\/wp\/v2\/comments?post=144"}],"version-history":[{"count":12,"href":"https:\/\/recherche.uqac.ca\/labbionr\/wp-json\/wp\/v2\/pages\/144\/revisions"}],"predecessor-version":[{"id":474,"href":"https:\/\/recherche.uqac.ca\/labbionr\/wp-json\/wp\/v2\/pages\/144\/revisions\/474"}],"up":[{"embeddable":true,"href":"https:\/\/recherche.uqac.ca\/labbionr\/wp-json\/wp\/v2\/pages\/26"}],"wp:attachment":[{"href":"https:\/\/recherche.uqac.ca\/labbionr\/wp-json\/wp\/v2\/media?parent=144"}],"curies":[{"name":"wp","href":"https:\/\/api.w.org\/{rel}","templated":true}]}}