{"id":18,"date":"2018-04-18T04:10:29","date_gmt":"2018-04-18T03:10:29","guid":{"rendered":"https:\/\/recherche.uqac.ca\/labbionr\/?page_id=18"},"modified":"2023-02-20T21:58:30","modified_gmt":"2023-02-21T02:58:30","slug":"direction","status":"publish","type":"page","link":"https:\/\/recherche.uqac.ca\/labbionr\/a-propos\/notre-equipe\/direction\/","title":{"rendered":"Direction"},"content":{"rendered":"<p style=\"text-align: justify\">Le premier mandat de direction du Lab BioNR, soit du 14 f\u00e9vrier 2018 au 13 f\u00e9vrier 2021, est assur\u00e9 par :<\/p>\n<p style=\"text-align: justify\"><strong>Louis-David Beaulieu<\/strong>, Ph. D., pht, Professeur \u00e0 l\u2019Unit\u00e9 d\u2019enseignement en physioth\u00e9rapie, DSS, UQAC<\/p>\n<p><a href=\"https:\/\/recherche.uqac.ca\/labbionr\/wp-content\/uploads\/sites\/7\/2018\/04\/IMG_4147-Lab-BioNR.jpg\"><img loading=\"lazy\" decoding=\"async\" class=\"alignnone size-medium wp-image-371\" src=\"https:\/\/recherche.uqac.ca\/labbionr\/wp-content\/uploads\/sites\/7\/2018\/04\/IMG_4147-Lab-BioNR-225x300.jpg\" alt=\"IMG_4147 - Lab BioNR\" width=\"225\" height=\"300\" srcset=\"https:\/\/recherche.uqac.ca\/labbionr\/wp-content\/uploads\/sites\/7\/2018\/04\/IMG_4147-Lab-BioNR-225x300.jpg 225w, https:\/\/recherche.uqac.ca\/labbionr\/wp-content\/uploads\/sites\/7\/2018\/04\/IMG_4147-Lab-BioNR-769x1024.jpg 769w\" sizes=\"(max-width: 225px) 100vw, 225px\" \/><\/a><\/p>\n<div><span class=\"\">T\u00e9l\u00e9phone: 418-545-5011 poste 6109<\/span><\/div>\n<div><span class=\"\">Courriel:\u00a0<a class=\"\" href=\"mailto:Louis-David_Beaulieu@uqac.ca\">Louis-David_Beaulieu@uqac.ca<\/a><\/span><\/div>\n","protected":false},"excerpt":{"rendered":"<p>Le premier mandat de direction du Lab BioNR, soit du 14 f\u00e9vrier 2018 au 13 f\u00e9vrier 2021, est assur\u00e9 par : Louis-David Beaulieu, Ph. D., pht, Professeur \u00e0 l\u2019Unit\u00e9 d\u2019enseignement en physioth\u00e9rapie, DSS, UQAC T\u00e9l\u00e9phone: 418-545-5011 poste 6109 Courriel:\u00a0Louis-David_Beaulieu@uqac.ca<\/p>\n","protected":false},"author":18,"featured_media":0,"parent":14,"menu_order":0,"comment_status":"closed","ping_status":"closed","template":"","meta":{"footnotes":""},"_links":{"self":[{"href":"https:\/\/recherche.uqac.ca\/labbionr\/wp-json\/wp\/v2\/pages\/18"}],"collection":[{"href":"https:\/\/recherche.uqac.ca\/labbionr\/wp-json\/wp\/v2\/pages"}],"about":[{"href":"https:\/\/recherche.uqac.ca\/labbionr\/wp-json\/wp\/v2\/types\/page"}],"author":[{"embeddable":true,"href":"https:\/\/recherche.uqac.ca\/labbionr\/wp-json\/wp\/v2\/users\/18"}],"replies":[{"embeddable":true,"href":"https:\/\/recherche.uqac.ca\/labbionr\/wp-json\/wp\/v2\/comments?post=18"}],"version-history":[{"count":8,"href":"https:\/\/recherche.uqac.ca\/labbionr\/wp-json\/wp\/v2\/pages\/18\/revisions"}],"predecessor-version":[{"id":384,"href":"https:\/\/recherche.uqac.ca\/labbionr\/wp-json\/wp\/v2\/pages\/18\/revisions\/384"}],"up":[{"embeddable":true,"href":"https:\/\/recherche.uqac.ca\/labbionr\/wp-json\/wp\/v2\/pages\/14"}],"wp:attachment":[{"href":"https:\/\/recherche.uqac.ca\/labbionr\/wp-json\/wp\/v2\/media?parent=18"}],"curies":[{"name":"wp","href":"https:\/\/api.w.org\/{rel}","templated":true}]}}