{"id":255,"date":"2019-06-06T15:45:58","date_gmt":"2019-06-06T19:45:58","guid":{"rendered":"https:\/\/recherche.uqac.ca\/labbionr\/?page_id=255"},"modified":"2023-02-20T23:18:02","modified_gmt":"2023-02-21T04:18:02","slug":"conferences-du-lab-bionr","status":"publish","type":"page","link":"https:\/\/recherche.uqac.ca\/labbionr\/activites-et-evenements-du-lab-bionr\/conferences-du-lab-bionr\/","title":{"rendered":"Conf\u00e9rences du Lab BioNR"},"content":{"rendered":"<p style=\"text-align: justify\">Les <em>conf\u00e9rences du Lab BioNR<\/em> visent \u00e0 offrir l&rsquo;opportunit\u00e9 aux\u00a0les\u00a0\u00e9tudiants et stagiaires post-doctoraux de pr\u00e9senter les r\u00e9sultats de leur recherche dans une ambiance conviviale et d&rsquo;\u00e9changes constructifs.<\/p>\n<p style=\"text-align: justify\">Pour vous inscrire \u00e0 une conf\u00e9rence,\u00a0\u00e9crire \u00e0 <a href=\"mailto:Louis-David_Beaulieu@uqac.ca\">Louis-David_Beaulieu@uqac.ca<\/a><\/p>\n<p style=\"text-align: justify\">&#8212;&#8212;&#8212;&#8212;&#8212;&#8212;&#8212;&#8212;&#8212;&#8212;&#8212;&#8212;&#8212;&#8212;&#8212;&#8212;&#8212;&#8212;&#8212;&#8212;&#8212;&#8212;&#8212;&#8212;&#8212;&#8212;&#8212;&#8212;-<\/p>\n<p style=\"text-align: justify\"><strong>Conf\u00e9rences :<\/strong><\/p>\n<p style=\"text-align: justify\"><span style=\"text-decoration: underline\">22 mai 2019:<\/span>\u00a0Ludivine Paris; <span style=\"color: #339966\">\u00c9<\/span><a href=\"https:\/\/recherche.uqac.ca\/labbionr\/wp-content\/uploads\/sites\/7\/2019\/06\/Conf\u00e9rence-LParis-22-mai-2019.pdf\">tude de l\u2019int\u00e9r\u00eat des outils num\u00e9riques pour \u00e9valuer et promouvoir l\u2019activit\u00e9 physique chez des patients atteints de maladies chroniques<\/a><\/p>\n<p style=\"text-align: justify\"><span style=\"text-decoration: underline\">7 mars 2019:<\/span> Mohamed A. Kadri; <a href=\"https:\/\/recherche.uqac.ca\/labbionr\/wp-content\/uploads\/sites\/7\/2019\/06\/Conf\u00e9rence-MKadri-7-mars-2019.pdf\">Plasticit\u00e9 de la fonction posturale: Effet de l&rsquo;entra\u00eenement controlat\u00e9ral et influence de la lat\u00e9ralit\u00e9 du membre inf\u00e9rieur sur le contr\u00f4le postural monopodal<\/a><\/p>\n<p style=\"text-align: justify\"><span style=\"text-decoration: underline\">24 janvier 2023<\/span> :\u00a0Martin Lavalli\u00e8re;\u00a0<span style=\"color: #339966\">Sur la route de l&rsquo;ins\u00e9curit\u00e9 routi\u00e8re : D\u00e9fis et opportunit\u00e9s pour la recherche et l&rsquo;am\u00e9lioration du bilan routier et de la mobilit\u00e9<\/span><\/p>\n<p style=\"text-align: justify\"><span style=\"text-decoration: underline\">15 mars 2023 :<\/span>\u00a0\u00a0Louis-David Beaulieu, \u00c9milie Bouchard, Lydiane Lauzier et Ana\u00efs Wotto; <span style=\"color: #339966\">Quels sont les enjeux propres \u00e0 la recherche en mati\u00e8re d\u2019EDI ? Premi\u00e8res exp\u00e9riences d\u2019un comit\u00e9 \u00e9tudiant<\/span><\/p>\n<p style=\"text-align: justify\"><span style=\"color: #99cc00\">\u00a0<\/span><\/p>\n","protected":false},"excerpt":{"rendered":"<p>Les conf\u00e9rences du Lab BioNR visent \u00e0 offrir l&rsquo;opportunit\u00e9 aux\u00a0les\u00a0\u00e9tudiants et stagiaires post-doctoraux de pr\u00e9senter les r\u00e9sultats de leur recherche dans une ambiance conviviale et d&rsquo;\u00e9changes constructifs. Pour vous inscrire \u00e0 une conf\u00e9rence,\u00a0\u00e9crire \u00e0 Louis-David_Beaulieu@uqac.ca &#8212;&#8212;&#8212;&#8212;&#8212;&#8212;&#8212;&#8212;&#8212;&#8212;&#8212;&#8212;&#8212;&#8212;&#8212;&#8212;&#8212;&#8212;&#8212;&#8212;&#8212;&#8212;&#8212;&#8212;&#8212;&#8212;&#8212;&#8212;- Conf\u00e9rences : 22 mai 2019:\u00a0Ludivine Paris; \u00c9tude de l\u2019int\u00e9r\u00eat des outils num\u00e9riques pour \u00e9valuer et promouvoir l\u2019activit\u00e9 physique chez &hellip; <a href=\"https:\/\/recherche.uqac.ca\/labbionr\/activites-et-evenements-du-lab-bionr\/conferences-du-lab-bionr\/\" class=\"more-link\">Continuer la lecture de <span class=\"screen-reader-text\">Conf\u00e9rences du Lab BioNR<\/span>  <span class=\"meta-nav\">&rarr;<\/span><\/a><\/p>\n","protected":false},"author":18,"featured_media":0,"parent":251,"menu_order":0,"comment_status":"closed","ping_status":"closed","template":"","meta":{"footnotes":""},"_links":{"self":[{"href":"https:\/\/recherche.uqac.ca\/labbionr\/wp-json\/wp\/v2\/pages\/255"}],"collection":[{"href":"https:\/\/recherche.uqac.ca\/labbionr\/wp-json\/wp\/v2\/pages"}],"about":[{"href":"https:\/\/recherche.uqac.ca\/labbionr\/wp-json\/wp\/v2\/types\/page"}],"author":[{"embeddable":true,"href":"https:\/\/recherche.uqac.ca\/labbionr\/wp-json\/wp\/v2\/users\/18"}],"replies":[{"embeddable":true,"href":"https:\/\/recherche.uqac.ca\/labbionr\/wp-json\/wp\/v2\/comments?post=255"}],"version-history":[{"count":4,"href":"https:\/\/recherche.uqac.ca\/labbionr\/wp-json\/wp\/v2\/pages\/255\/revisions"}],"predecessor-version":[{"id":399,"href":"https:\/\/recherche.uqac.ca\/labbionr\/wp-json\/wp\/v2\/pages\/255\/revisions\/399"}],"up":[{"embeddable":true,"href":"https:\/\/recherche.uqac.ca\/labbionr\/wp-json\/wp\/v2\/pages\/251"}],"wp:attachment":[{"href":"https:\/\/recherche.uqac.ca\/labbionr\/wp-json\/wp\/v2\/media?parent=255"}],"curies":[{"name":"wp","href":"https:\/\/api.w.org\/{rel}","templated":true}]}}