{"id":145,"date":"2017-09-01T14:44:07","date_gmt":"2017-09-01T13:44:07","guid":{"rendered":"https:\/\/recherche.uqac.ca\/labonfc\/?page_id=145"},"modified":"2017-09-28T19:58:03","modified_gmt":"2017-09-28T18:58:03","slug":"en-bref","status":"publish","type":"page","link":"https:\/\/recherche.uqac.ca\/labonfc\/qui-sommes-nous\/en-bref\/","title":{"rendered":"En bref"},"content":{"rendered":"<p style=\"text-align: center\">\n<h1 style=\"text-align: center\"><strong>Le <span style=\"color: #00ccff\">Laboratoire de recherche sur les\u00a0Nouvelles Formes de Consommation (LaboNFC)<\/span>\u00a0<\/strong>est un laboratoire unique en Am\u00e9rique du Nord de recherche appliqu\u00e9e en sciences de la gestion.<\/h1>\n<p style=\"text-align: center\">Ses th\u00e8mes de recherche sont\u00a0la mod\u00e9lisation du comportement du consommateur, des mod\u00e8les d&rsquo;affaires et de la technologie supportant ces formes de consommation, de la relation du consommateur avec la marque, et le bien-\u00eatre social. Les approches utilis\u00e9es sont descriptives, explicatives ou critiques.<\/p>\n<p style=\"text-align: center\">Une unit\u00e9 structur\u00e9e de recherche reconnue par l&rsquo;Universit\u00e9 du Qu\u00e9bec \u00e0 Chicoutimi, rattach\u00e9e au D\u00e9partement des Sciences \u00c9conomiques et Administratives.<\/p>\n<p style=\"text-align: center\">Fond\u00e9 en 2017, le <span style=\"color: #00ccff\"><strong>LaboNFC<\/strong><\/span> est une unit\u00e9 de recherche d&rsquo;\u00e9tudes et de veille strat\u00e9gique ax\u00e9e sur la recherche-innovation et le transfert de connaissances relatives \u00e0 l&rsquo;\u00e9mergence de nouvelles formes de consommation.<\/p>\n<hr \/>\n<h1 style=\"text-align: center\">NOTRE MISSION<\/h1>\n<p style=\"text-align: center\"><strong>|1| LA RECHERCHE<\/strong> &#8211; Effectuer de la recherche fondamentale et appliqu\u00e9e dans le domaine de la consommation , du branding, de l&rsquo;innovation, et du bien-\u00eatre social.<\/p>\n<p style=\"text-align: center\"><strong>|2| LA FORMATION<\/strong> &#8211; Former des chercheurs acad\u00e9miques et professionnels sur les axes du LaboNFC.<\/p>\n<p style=\"text-align: center\"><strong>|3| LA DIFFUSION<\/strong> &#8211; Vulgariser et diss\u00e9miner les recherches en lien avec les axes du LaboNFC aupr\u00e8s de l&rsquo;industrie et du grand public.<\/p>\n<hr \/>\n<h1 style=\"text-align: center\"><strong>D\u00e9couvrez en plus sur le LaboNFC<\/strong><\/h1>\n<p style=\"text-align: center\"><a href=\"https:\/\/recherche.uqac.ca\/labonfc\/qui-sommes-nous\/\">L&rsquo;\u00e9quipe<\/a> \u00a0 \u00a0 <a href=\"https:\/\/recherche.uqac.ca\/labonfc\/que-faisons-nous\/axes-de-recherche\/\">Nos axes de recherches<\/a>\u00a0\u00a0\u00a0\u00a0 <a href=\"https:\/\/recherche.uqac.ca\/labonfc\/que-faisons-nous\/projets-de-recherche\/\">Nos projets de recherches<\/a>\u00a0\u00a0\u00a0\u00a0 <a href=\"https:\/\/recherche.uqac.ca\/labonfc\/que-faisons-nous\/\">Nos publications\u00a0\u00a0\u00a0\u00a0<\/a><\/p>\n","protected":false},"excerpt":{"rendered":"<p>Le Laboratoire de recherche sur les\u00a0Nouvelles Formes de Consommation (LaboNFC)\u00a0est un laboratoire unique en Am\u00e9rique du Nord de recherche appliqu\u00e9e en sciences de la gestion. Ses th\u00e8mes de recherche sont\u00a0la mod\u00e9lisation du comportement du consommateur, des mod\u00e8les d&rsquo;affaires et de la technologie supportant ces formes de consommation, de la relation du consommateur avec la marque, &hellip; <a href=\"https:\/\/recherche.uqac.ca\/labonfc\/qui-sommes-nous\/en-bref\/\" class=\"more-link\">Continuer la lecture de <span class=\"screen-reader-text\">En bref<\/span>  <span class=\"meta-nav\">&rarr;<\/span><\/a><\/p>\n","protected":false},"author":10,"featured_media":0,"parent":143,"menu_order":1,"comment_status":"closed","ping_status":"closed","template":"showcase.php","meta":{"footnotes":""},"_links":{"self":[{"href":"https:\/\/recherche.uqac.ca\/labonfc\/wp-json\/wp\/v2\/pages\/145"}],"collection":[{"href":"https:\/\/recherche.uqac.ca\/labonfc\/wp-json\/wp\/v2\/pages"}],"about":[{"href":"https:\/\/recherche.uqac.ca\/labonfc\/wp-json\/wp\/v2\/types\/page"}],"author":[{"embeddable":true,"href":"https:\/\/recherche.uqac.ca\/labonfc\/wp-json\/wp\/v2\/users\/10"}],"replies":[{"embeddable":true,"href":"https:\/\/recherche.uqac.ca\/labonfc\/wp-json\/wp\/v2\/comments?post=145"}],"version-history":[{"count":8,"href":"https:\/\/recherche.uqac.ca\/labonfc\/wp-json\/wp\/v2\/pages\/145\/revisions"}],"predecessor-version":[{"id":324,"href":"https:\/\/recherche.uqac.ca\/labonfc\/wp-json\/wp\/v2\/pages\/145\/revisions\/324"}],"up":[{"embeddable":true,"href":"https:\/\/recherche.uqac.ca\/labonfc\/wp-json\/wp\/v2\/pages\/143"}],"wp:attachment":[{"href":"https:\/\/recherche.uqac.ca\/labonfc\/wp-json\/wp\/v2\/media?parent=145"}],"curies":[{"name":"wp","href":"https:\/\/api.w.org\/{rel}","templated":true}]}}