{"id":151,"date":"2017-09-01T15:07:04","date_gmt":"2017-09-01T14:07:04","guid":{"rendered":"https:\/\/recherche.uqac.ca\/labonfc\/?page_id=151"},"modified":"2018-06-04T16:56:54","modified_gmt":"2018-06-04T15:56:54","slug":"financement","status":"publish","type":"page","link":"https:\/\/recherche.uqac.ca\/labonfc\/qui-sommes-nous\/financement\/","title":{"rendered":"Financement"},"content":{"rendered":"<h1>+\u00a0Financement 3<\/h1>\n<ul>\n<li>Organisme:\u00a0<a href=\"https:\/\/recherche.uqac.ca\/fuqac\/\">Fondation de l&rsquo;UQAC\u00a0(FUQAC)<\/a><\/li>\n<li>Description:\u00a0Subvention de projet r\u00e9gulier de la FUQAC<\/li>\n<li>Montant et dur\u00e9e: 6 237$ (2018-2019) (suppl\u00e9ment \u00e0 une subvention CRSH SI de 7 000$ et d&rsquo;une commandite de la MRC-du-Fjord-du-Saguenay de 10 000$)<\/li>\n<li>Chercheur principal:\u00a0<a href=\"https:\/\/recherche.uqac.ca\/labonfc\/qui-sommes-nous\/membres-reguliers\/\">Myriam Ertz<\/a><\/li>\n<li>Co-chercheurs:\u00a0<a href=\"https:\/\/recherche.uqac.ca\/labonfc\/qui-sommes-nous\/lequipe\/membres-reguliers\/\">Julien Bousquet<\/a>\u00a0et <a href=\"https:\/\/repertoire.uqac.ca\/Fiche.aspx?id=LjQrPz0d0\">Dominic Bizot<\/a><\/li>\n<\/ul>\n<h1>+\u00a0Financement 2<\/h1>\n<ul>\n<li>Organisme: <a href=\"https:\/\/uqam.ca\/\">Universit\u00e9 du Qu\u00e9bec \u00e0 Montr\u00e9al (UQAM)<\/a>, <a href=\"https:\/\/www.kijiji.ca\/h-saguenay\/1700179\">Kijiji<\/a> (groupe <a href=\"https:\/\/www.cafr.ebay.ca\/\">eBay<\/a>)<\/li>\n<li>Unit\u00e9: <a href=\"https:\/\/www.sepsi.uqam.ca\/\">Service des Partenariats et du Soutien \u00e0 l&rsquo;Innovation (SEPSI)<\/a><\/li>\n<li>Description: transfert inter-universitaire de fonds<\/li>\n<li>Montant et dur\u00e9e: 14 000$ (2017-2018)<\/li>\n<li>Chercheur principal: <a href=\"https:\/\/recherche.uqac.ca\/labonfc\/qui-sommes-nous\/membres-reguliers\/\">Myriam Ertz<\/a><\/li>\n<\/ul>\n<h1>+\u00a0Financement 1<\/h1>\n<ul>\n<li>Organisme: <a href=\"http:\/\/www.uqac.ca\/\">Universit\u00e9 du Qu\u00e9bec \u00e0 Chicoutimi (UQAC)<\/a><\/li>\n<li>Unit\u00e9: <a href=\"http:\/\/www.uqac.ca\/departements\/dsea\/\">D\u00e9partement des Sciences \u00c9conomiques et Administratives (DSEA)<\/a><\/li>\n<li>Description: subvention r\u00e9guli\u00e8re de soutien aux laboratoires<\/li>\n<li>Montant et dur\u00e9e: 4000$ (2017-2018)<\/li>\n<li>Chercheurs principaux: <a href=\"https:\/\/recherche.uqac.ca\/labonfc\/qui-sommes-nous\/lequipe\/membres-reguliers\/\">Myriam Ertz, Damien Hallegatte,<\/a> et<a href=\"https:\/\/recherche.uqac.ca\/labonfc\/qui-sommes-nous\/lequipe\/membres-reguliers\/\"> Julien Bousquet<\/a><\/li>\n<\/ul>\n","protected":false},"excerpt":{"rendered":"<p>+\u00a0Financement 3 Organisme:\u00a0Fondation de l&rsquo;UQAC\u00a0(FUQAC) Description:\u00a0Subvention de projet r\u00e9gulier de la FUQAC Montant et dur\u00e9e: 6 237$ (2018-2019) (suppl\u00e9ment \u00e0 une subvention CRSH SI de 7 000$ et d&rsquo;une commandite de la MRC-du-Fjord-du-Saguenay de 10 000$) Chercheur principal:\u00a0Myriam Ertz Co-chercheurs:\u00a0Julien Bousquet\u00a0et Dominic Bizot +\u00a0Financement 2 Organisme: Universit\u00e9 du Qu\u00e9bec \u00e0 Montr\u00e9al (UQAM), Kijiji (groupe eBay) &hellip; <a href=\"https:\/\/recherche.uqac.ca\/labonfc\/qui-sommes-nous\/financement\/\" class=\"more-link\">Continuer la lecture de <span class=\"screen-reader-text\">Financement<\/span>  <span class=\"meta-nav\">&rarr;<\/span><\/a><\/p>\n","protected":false},"author":10,"featured_media":0,"parent":143,"menu_order":5,"comment_status":"closed","ping_status":"closed","template":"showcase.php","meta":{"footnotes":""},"_links":{"self":[{"href":"https:\/\/recherche.uqac.ca\/labonfc\/wp-json\/wp\/v2\/pages\/151"}],"collection":[{"href":"https:\/\/recherche.uqac.ca\/labonfc\/wp-json\/wp\/v2\/pages"}],"about":[{"href":"https:\/\/recherche.uqac.ca\/labonfc\/wp-json\/wp\/v2\/types\/page"}],"author":[{"embeddable":true,"href":"https:\/\/recherche.uqac.ca\/labonfc\/wp-json\/wp\/v2\/users\/10"}],"replies":[{"embeddable":true,"href":"https:\/\/recherche.uqac.ca\/labonfc\/wp-json\/wp\/v2\/comments?post=151"}],"version-history":[{"count":5,"href":"https:\/\/recherche.uqac.ca\/labonfc\/wp-json\/wp\/v2\/pages\/151\/revisions"}],"predecessor-version":[{"id":406,"href":"https:\/\/recherche.uqac.ca\/labonfc\/wp-json\/wp\/v2\/pages\/151\/revisions\/406"}],"up":[{"embeddable":true,"href":"https:\/\/recherche.uqac.ca\/labonfc\/wp-json\/wp\/v2\/pages\/143"}],"wp:attachment":[{"href":"https:\/\/recherche.uqac.ca\/labonfc\/wp-json\/wp\/v2\/media?parent=151"}],"curies":[{"name":"wp","href":"https:\/\/api.w.org\/{rel}","templated":true}]}}