{"id":16,"date":"2017-06-22T18:13:31","date_gmt":"2017-06-22T17:13:31","guid":{"rendered":"https:\/\/recherche.uqac.ca\/labonfc\/?page_id=16"},"modified":"2026-04-15T14:04:57","modified_gmt":"2026-04-15T13:04:57","slug":"membres-reguliers","status":"publish","type":"page","link":"https:\/\/recherche.uqac.ca\/labonfc\/qui-sommes-nous\/membres-reguliers\/","title":{"rendered":"Membres r\u00e9guliers"},"content":{"rendered":"<h1 class=\"entry-title\"><\/h1>\n<h1><a href=\"http:\/\/www.uqac.ca\/portfolio\/myriamertz\/\">Myriam Ertz<\/a><\/h1>\n<p><span style=\"color: #000000;\"><a href=\"https:\/\/recherche.uqac.ca\/labonfc\/wp-content\/uploads\/sites\/4\/2017\/06\/cropped-SDC12198.jpg\"><img loading=\"lazy\" decoding=\"async\" class=\"alignnone size-medium wp-image-58\" src=\"https:\/\/recherche.uqac.ca\/labonfc\/wp-content\/uploads\/sites\/4\/2017\/06\/cropped-SDC12198-300x300.jpg\" alt=\"cropped-SDC12198\" width=\"300\" height=\"300\" srcset=\"https:\/\/recherche.uqac.ca\/labonfc\/wp-content\/uploads\/sites\/4\/2017\/06\/cropped-SDC12198-300x300.jpg 300w, https:\/\/recherche.uqac.ca\/labonfc\/wp-content\/uploads\/sites\/4\/2017\/06\/cropped-SDC12198-150x150.jpg 150w, https:\/\/recherche.uqac.ca\/labonfc\/wp-content\/uploads\/sites\/4\/2017\/06\/cropped-SDC12198.jpg 512w\" sizes=\"(max-width: 300px) 100vw, 300px\" \/><\/a><\/span><\/p>\n<p><strong><em>Responsable du laboratoire<\/em><\/strong><\/p>\n<p><strong>Myriam Ertz<\/strong>, professeure adjointe en marketing au d\u00e9partement des sciences \u00e9conomiques et administratives de l\u2019Universit\u00e9 du Qu\u00e9bec \u00e0 Chicoutimi, est fondatrice et responsable du Laboratoire. Elle est titulaire d&rsquo;un Ph.D. en administration conjoint en administration obtenu au programme conjoint (McGill, HEC Montr\u00e9al, Universit\u00e9 Concordia, et \u00c9SG-UQ\u00c0M), avec une sp\u00e9cialisation en marketing. Ses int\u00e9r\u00eats de recherche portent sur la mod\u00e9lisation du comportement du consommateur,\u00a0notamment dans les formes de\u00a0consommation alternatives telles que la consommation collaborative, responsable, citoyenne, verte, \u00e9quitable, locale, \u00e9thique, ou engag\u00e9e. Mme Ertz s&rsquo;int\u00e9resse \u00e9galement \u00e0 la place grandissante du num\u00e9rique\u00a0en consommation et en marketing,\u00a0ainsi qu&rsquo;au branding, et \u00e0 l&rsquo;\u00e9thique dans les affaires. Elle est chercheuse affili\u00e9e \u00e0 la Facult\u00e9 de gestion Desautels (McGill), chercheuse associ\u00e9e au Centre de Recherche sur le D\u00e9veloppement Territorial (CRDT) \u00e0 l\u2019UQAC, et \u00e0 l\u2019Observatoire de la Consommation Responsable (\u00c9SG-UQ\u00c0M). Elle\u00a0est membre du comit\u00e9\u00a0\u00e9ditorial de la revue <em>Organisations &amp; Territoires<\/em> (UQAC) et poss\u00e8de de l\u2019exp\u00e9rience en recherche et intelligence marketing au sein de\u00a0FedEx Express, Bruxelles, Belgique et du Groupe Altus, Montr\u00e9al, Canada. Elle privil\u00e9gie les approches m\u00e9thodologiques mixes combinant les proc\u00e9dures de recherche quantitatives et qualitatives, offrant une vision plus riche et plus compl\u00e8te des ph\u00e9nom\u00e8nes \u00e0 l&rsquo;\u00e9tude.<\/p>\n<h1><a href=\"https:\/\/portfolio.uqac.ca\/julienbousquet\/\" target=\"_blank\" rel=\"noopener\">Julien Bousquet<\/a><\/h1>\n<p><a href=\"https:\/\/recherche.uqac.ca\/labonfc\/wp-content\/uploads\/sites\/4\/2026\/04\/julienbousquet.jpg\"><img loading=\"lazy\" decoding=\"async\" class=\"alignnone size-medium wp-image-759\" src=\"https:\/\/recherche.uqac.ca\/labonfc\/wp-content\/uploads\/sites\/4\/2026\/04\/julienbousquet-300x300.jpg\" alt=\"\" width=\"300\" height=\"300\" srcset=\"https:\/\/recherche.uqac.ca\/labonfc\/wp-content\/uploads\/sites\/4\/2026\/04\/julienbousquet-300x300.jpg 300w, https:\/\/recherche.uqac.ca\/labonfc\/wp-content\/uploads\/sites\/4\/2026\/04\/julienbousquet-1024x1021.jpg 1024w, https:\/\/recherche.uqac.ca\/labonfc\/wp-content\/uploads\/sites\/4\/2026\/04\/julienbousquet-150x150.jpg 150w, https:\/\/recherche.uqac.ca\/labonfc\/wp-content\/uploads\/sites\/4\/2026\/04\/julienbousquet-768x766.jpg 768w, https:\/\/recherche.uqac.ca\/labonfc\/wp-content\/uploads\/sites\/4\/2026\/04\/julienbousquet-1536x1531.jpg 1536w, https:\/\/recherche.uqac.ca\/labonfc\/wp-content\/uploads\/sites\/4\/2026\/04\/julienbousquet-2048x2042.jpg 2048w\" sizes=\"(max-width: 300px) 100vw, 300px\" \/><\/a><\/p>\n<p><strong>Julien Bousquet<\/strong>\u00a0est titulaire d\u2019un Ph. D. en administration obtenu au programme conjoint (McGill, HEC Montr\u00e9al, Universit\u00e9 Concordia, et UQ\u00c0M).\u00a0 Professeur titulaire en marketing \u00e0 l\u2019Universit\u00e9 du Qu\u00e9bec \u00e0 Chicoutimi, il s\u2019int\u00e9resse au marketing relationnel en contexte sport, plus sp\u00e9cifiquement \u00e0 la d\u00e9fanatisation, ainsi qu\u2019aux parties prenantes en contexte projet. Plus r\u00e9cemment, ses int\u00e9r\u00eats de recherche s\u2019orientent vers le marketing sportif, touristique et des loisirs, en mettant davantage l\u2019emphase sur deux axes\u00a0: les consommateurs et les strat\u00e9gies marketing. Il est \u00e9galement l\u2019auteur de l\u2019ouvrage\u00a0<em><a href=\"https:\/\/www.cheneliere.ca\/593-livre-marketing-strategique.html\">Marketing strat\u00e9gique<\/a><\/em>, publi\u00e9 aux \u00e9ditions Cheneli\u00e8re \u00e9ducation. Il utilise principalement l\u2019approche qualitative pour appr\u00e9hender les ph\u00e9nom\u00e8nes \u00e9tudi\u00e9s et collabore r\u00e9guli\u00e8rement avec des \u00e9quipes de recherche au Qu\u00e9bec et en France.<\/p>\n<p>&nbsp;<\/p>\n<p><span style=\"color: #0000ff;\"><strong><a href=\"http:\/\/www.uqac.ca\/portfolio\/imenlatrous\/\">Imen Latrous<\/a><\/strong><\/span><\/p>\n<p><a href=\"https:\/\/recherche.uqac.ca\/labonfc\/wp-content\/uploads\/sites\/4\/2017\/06\/Imen-Latrous_f685228077b981667523f7dad1d76fd7.jpg\"><img loading=\"lazy\" decoding=\"async\" class=\"alignnone size-full wp-image-505\" src=\"https:\/\/recherche.uqac.ca\/labonfc\/wp-content\/uploads\/sites\/4\/2017\/06\/Imen-Latrous_f685228077b981667523f7dad1d76fd7.jpg\" alt=\"Imen-Latrous_f685228077b981667523f7dad1d76fd7\" width=\"250\" height=\"250\" srcset=\"https:\/\/recherche.uqac.ca\/labonfc\/wp-content\/uploads\/sites\/4\/2017\/06\/Imen-Latrous_f685228077b981667523f7dad1d76fd7.jpg 250w, https:\/\/recherche.uqac.ca\/labonfc\/wp-content\/uploads\/sites\/4\/2017\/06\/Imen-Latrous_f685228077b981667523f7dad1d76fd7-150x150.jpg 150w\" sizes=\"(max-width: 250px) 100vw, 250px\" \/><\/a><\/p>\n<p><strong>Imen Latrous<\/strong>\u00a0est titulaire d\u2019un Doctorat en Sciences de Gestion de l&rsquo;Universit\u00e9 Paris 1 Panth\u00e9on &#8211; Sorbonne et d&rsquo;une ma\u00eetrise en finance de l&rsquo;Universit\u00e9 El Manar en Tunisie. Elle dirige le LARIGO (Laboratoire de Recherche et d&rsquo;Interventions en Gouvernance des Organisations). Ses int\u00e9r\u00eats de recherche portent sur les m\u00e9gadonn\u00e9es, la qualit\u00e9 de l&rsquo;information financi\u00e8re, et le financement des entreprises familiales. Ses recherche ont \u00e9t\u00e9 publi\u00e9es dans des revues telles que <em>Journal of Multinational Financial Management<\/em> ou encore <em>International Journal of Corporate Governance<\/em> ainsi que dans la revue <em>Organisations &amp; Territoires<\/em>. Elle privil\u00e9gie la recherche quantitative par l&rsquo;analyse de donn\u00e9es de panel ou de donn\u00e9es issues de bases de donn\u00e9es par l&rsquo;\u00e9laboration de mod\u00e8les \u00e9conom\u00e9triques. Elle\u00a0collabore r\u00e9guli\u00e8rement avec des chercheurs et des professionnels au Canada et en Tunisie.<\/p>\n","protected":false},"excerpt":{"rendered":"<p>Myriam Ertz Responsable du laboratoire Myriam Ertz, professeure adjointe en marketing au d\u00e9partement des sciences \u00e9conomiques et administratives de l\u2019Universit\u00e9 du Qu\u00e9bec \u00e0 Chicoutimi, est fondatrice et responsable du Laboratoire. Elle est titulaire d&rsquo;un Ph.D. en administration conjoint en administration obtenu au programme conjoint (McGill, HEC Montr\u00e9al, Universit\u00e9 Concordia, et \u00c9SG-UQ\u00c0M), avec une sp\u00e9cialisation en &hellip; <a href=\"https:\/\/recherche.uqac.ca\/labonfc\/qui-sommes-nous\/membres-reguliers\/\" class=\"more-link\">Continuer la lecture de <span class=\"screen-reader-text\">Membres r\u00e9guliers<\/span>  <span class=\"meta-nav\">&rarr;<\/span><\/a><\/p>\n","protected":false},"author":10,"featured_media":0,"parent":143,"menu_order":1,"comment_status":"closed","ping_status":"closed","template":"","meta":{"footnotes":""},"_links":{"self":[{"href":"https:\/\/recherche.uqac.ca\/labonfc\/wp-json\/wp\/v2\/pages\/16"}],"collection":[{"href":"https:\/\/recherche.uqac.ca\/labonfc\/wp-json\/wp\/v2\/pages"}],"about":[{"href":"https:\/\/recherche.uqac.ca\/labonfc\/wp-json\/wp\/v2\/types\/page"}],"author":[{"embeddable":true,"href":"https:\/\/recherche.uqac.ca\/labonfc\/wp-json\/wp\/v2\/users\/10"}],"replies":[{"embeddable":true,"href":"https:\/\/recherche.uqac.ca\/labonfc\/wp-json\/wp\/v2\/comments?post=16"}],"version-history":[{"count":22,"href":"https:\/\/recherche.uqac.ca\/labonfc\/wp-json\/wp\/v2\/pages\/16\/revisions"}],"predecessor-version":[{"id":760,"href":"https:\/\/recherche.uqac.ca\/labonfc\/wp-json\/wp\/v2\/pages\/16\/revisions\/760"}],"up":[{"embeddable":true,"href":"https:\/\/recherche.uqac.ca\/labonfc\/wp-json\/wp\/v2\/pages\/143"}],"wp:attachment":[{"href":"https:\/\/recherche.uqac.ca\/labonfc\/wp-json\/wp\/v2\/media?parent=16"}],"curies":[{"name":"wp","href":"https:\/\/api.w.org\/{rel}","templated":true}]}}