{"id":160,"date":"2017-09-01T15:21:09","date_gmt":"2017-09-01T14:21:09","guid":{"rendered":"https:\/\/recherche.uqac.ca\/labonfc\/?page_id=160"},"modified":"2019-01-07T04:28:13","modified_gmt":"2019-01-07T03:28:13","slug":"dans-les-medias","status":"publish","type":"page","link":"https:\/\/recherche.uqac.ca\/labonfc\/que-faisons-nous\/dans-les-medias\/","title":{"rendered":"Dans les m\u00e9dias"},"content":{"rendered":"<h2><strong>Dans les m\u00e9dias:<\/strong><\/h2>\n<p>Ertz, M. (2019), Intervention t\u00e9l\u00e9visuelle sur les <a href=\"https:\/\/video.fymq3-1.fna.fbcdn.net\/v\/t42.9040-2\/50004467_602352630222301_8718242788598087680_n.mp4?_nc_cat=107&amp;efg=eyJ2ZW5jb2RlX3RhZyI6InN2ZV9zZCJ9&amp;_nc_ht=video.fymq3-1.fna&amp;oh=a7d6e1fc24876fbba5a6e6cf40af5da7&amp;oe=5C32F62D\">tendances marketing 2019, Radio-Canada, RDI Matin<\/a>, 8h00, jeudi 3 janvier 2019.<\/p>\n<p>Ertz, M. (2018), Intervention radiophonique concernant l\u2019indice de dr\u00e9e de vie des objets et de r\u00e9parabilit\u00e9 en France et son application potentielle au Canada, <em>Radio-Canada Alberta<\/em>, \u00ab\u00a0La Crois\u00e9e\u00a0\u00bb, 18h-19h, lundi 30 avril 2018.<\/p>\n<p>Ertz, M., Hallegatte, D., et Bousquet, J. (2018), <a href=\"https:\/\/www.lequotidien.com\/actualites\/page-uqac\/evolution-ou-revolution-ff7b2802c276de49ac813c1ec7ebbc31\">\u00c9volution ou r\u00e9volution<\/a>,\u00a0<em>Le Quotidien<\/em>, dimanche 22 avril.<\/p>\n<p>Morin, V., Simard, J., et Ertz, M. (2018), <a href=\"https:\/\/www.lequotidien.com\/actualites\/page-uqac\/uqac-la-recherche-en-gestion-dba65f8cbe6718a708fda9e05c36bae1\">UQAC\u00a0: La recherche en gestion<\/a>,\u00a0<em>Le Quotidien<\/em>, lundi 12 mars.<\/p>\n<p>Ertz, M. (2017), Intervention en vid\u00e9oconf\u00e9rence pour un documentaire de <em>Radio-Canada Manitoba<\/em> sur l\u2019\u00c9conomie de Seconde Main au Canada.<\/p>\n<p>Hallegatte, D. (2017), <a href=\"http:\/\/ici.radio-canada.ca\/premiere\/emissions\/style-libre\/segments\/entrevue\/37265\/fillactive-sports-publicite-damien-hallegatte\">Fillactive: Une campagne pour inciter les adolescentes \u00e0 faire du sport<\/a>, Radio-Canada, 6 septembre.<\/p>\n<p>Hallegatte, D. (2017),\u00a0<a href=\"http:\/\/www.lapresse.ca\/le-quotidien\/opinions\/tribune\/201705\/18\/01-5099453-lavenir-de-mon-magasin-et-moi.php\">L&rsquo;avenir de mon magasin et moi<\/a>, Le Quotidien, 19 mai.<\/p>\n<p>Hallegatte, D. (2017),\u00a0<a href=\"http:\/\/www.ledevoir.com\/societe\/education\/496548\/la-consommation-responsable-au-service-du-neoliberalisme\">La consommation responsable au service du n\u00e9olib\u00e9ralisme<\/a>, Le Devoir, 18 avril.<\/p>\n<hr \/>\n<p><strong>Rapports de recherche:<\/strong><\/p>\n<p>Durif, F., Arcand, M., Ertz, M., et Connolly, M. (2018), \u00ab\u00a0<a href=\"https:\/\/www.kijiji.ca\/kijijicentral\/app\/uploads\/2016\/08\/Kijiji-Index-Report-2018_EN_Final_web-2.pdf\">Kijiji secondhand economy index : 2018 report<\/a>\u201d.<\/p>\n<p>Durif, F., Arcand, M., Ertz, M., et Connolly, M. (2018), \u00ab\u00a0<a href=\"https:\/\/www.kijiji.ca\/carrefourkijiji\/app\/uploads\/2016\/08\/Kijiji-Index-Report-2018_FR_Final_web.pdf\">L\u2019indice Kijiji de l\u2019\u00e9conomie de seconde main\u00a0: Rapport 2018<\/a>\u201d.<\/p>\n<p>Durif, F., Ertz, M., et Arcand, M. (2017). \u00ab\u00a0L\u2019\u00e9conomie collaborative au Qu\u00e9bec\u00a0: \u00c9tat des lieux, enjeux et perspectives\u00a0\u00bb. Rapport pour le Minist\u00e8re de l\u2019\u00c9conomie de la Science et de l\u2019Innovation. Version grand public \u00ab\u00a0<a href=\"https:\/\/ocresponsable.com\/wp-content\/uploads\/2018\/03\/L_economie_des_plateformes_collaboratives_au_quebec_en_chiffres7398-1.pdf\">L\u2019\u00e9conomie des plateformes collaboratives au Qu\u00e9bec en chiffres<\/a>\u00a0\u00bb.<\/p>\n<p>Durif, F., Arcand, M., Ertz, M., et Connolly, M. (2017), \u00ab\u00a0<a href=\"http:\/\/secondhandeconomy.kijiji.ca\/\">Kijiji secondhand economy index : 2017 report<\/a>\u201d.<\/p>\n<p>Durif, F., Arcand, M., Ertz, M., et Connolly, M. (2017), \u00ab\u00a0<a href=\"http:\/\/consommationresponsable.kijiji.ca\/\">L\u2019indice Kijiji de l\u2019\u00e9conomie de seconde main : Rapport 2017<\/a>\u201d.<\/p>\n<p>&nbsp;<\/p>\n<p>&nbsp;<\/p>\n<p>&nbsp;<\/p>\n","protected":false},"excerpt":{"rendered":"<p>Dans les m\u00e9dias: Ertz, M. (2019), Intervention t\u00e9l\u00e9visuelle sur les tendances marketing 2019, Radio-Canada, RDI Matin, 8h00, jeudi 3 janvier 2019. Ertz, M. (2018), Intervention radiophonique concernant l\u2019indice de dr\u00e9e de vie des objets et de r\u00e9parabilit\u00e9 en France et son application potentielle au Canada, Radio-Canada Alberta, \u00ab\u00a0La Crois\u00e9e\u00a0\u00bb, 18h-19h, lundi 30 avril 2018. Ertz, &hellip; <a href=\"https:\/\/recherche.uqac.ca\/labonfc\/que-faisons-nous\/dans-les-medias\/\" class=\"more-link\">Continuer la lecture de <span class=\"screen-reader-text\">Dans les m\u00e9dias<\/span>  <span class=\"meta-nav\">&rarr;<\/span><\/a><\/p>\n","protected":false},"author":10,"featured_media":0,"parent":153,"menu_order":7,"comment_status":"closed","ping_status":"closed","template":"showcase.php","meta":{"footnotes":""},"_links":{"self":[{"href":"https:\/\/recherche.uqac.ca\/labonfc\/wp-json\/wp\/v2\/pages\/160"}],"collection":[{"href":"https:\/\/recherche.uqac.ca\/labonfc\/wp-json\/wp\/v2\/pages"}],"about":[{"href":"https:\/\/recherche.uqac.ca\/labonfc\/wp-json\/wp\/v2\/types\/page"}],"author":[{"embeddable":true,"href":"https:\/\/recherche.uqac.ca\/labonfc\/wp-json\/wp\/v2\/users\/10"}],"replies":[{"embeddable":true,"href":"https:\/\/recherche.uqac.ca\/labonfc\/wp-json\/wp\/v2\/comments?post=160"}],"version-history":[{"count":10,"href":"https:\/\/recherche.uqac.ca\/labonfc\/wp-json\/wp\/v2\/pages\/160\/revisions"}],"predecessor-version":[{"id":470,"href":"https:\/\/recherche.uqac.ca\/labonfc\/wp-json\/wp\/v2\/pages\/160\/revisions\/470"}],"up":[{"embeddable":true,"href":"https:\/\/recherche.uqac.ca\/labonfc\/wp-json\/wp\/v2\/pages\/153"}],"wp:attachment":[{"href":"https:\/\/recherche.uqac.ca\/labonfc\/wp-json\/wp\/v2\/media?parent=160"}],"curies":[{"name":"wp","href":"https:\/\/api.w.org\/{rel}","templated":true}]}}