{"id":25,"date":"2017-06-22T18:24:26","date_gmt":"2017-06-22T17:24:26","guid":{"rendered":"https:\/\/recherche.uqac.ca\/labonfc\/?page_id=25"},"modified":"2020-11-26T02:28:50","modified_gmt":"2020-11-26T01:28:50","slug":"membres-associes","status":"publish","type":"page","link":"https:\/\/recherche.uqac.ca\/labonfc\/qui-sommes-nous\/membres-associes\/","title":{"rendered":"Membres associ\u00e9s"},"content":{"rendered":"<p>Les membres associ\u00e9s se composent de professeurs et charg\u00e9s de cours effectuant de la recherche en lien avec les <a href=\"https:\/\/recherche.uqac.ca\/labonfc\/page-d-exemple\/axes-de-recherche\/\">axes de recherche et d&rsquo;intervention du Laboratoire<\/a>.<\/p>\n<p><strong>Professeurs, charg\u00e9s de cours:<\/strong><\/p>\n<p><a href=\"https:\/\/repertoire.uqac.ca\/Fiche.aspx?id=MzojJjoIXhs1\">Yves Lachance<\/a>, UQAC<\/p>\n<p><a href=\"https:\/\/ca.linkedin.com\/in\/franck-basset-a113892a\">Franck Basset<\/a>, UQAC<\/p>\n<p><a href=\"https:\/\/professeurs.uqam.ca\/professeur\/audrain_pontevia.anne_francoise\/\">Anne-Fran\u00e7oise Audrain-Pontevia<\/a>, \u00c9SG-UQAM<\/p>\n<p><a href=\"https:\/\/www.mcgill.ca\/desautels\/emine-sarigollu\">Emine Sarig\u00f6ll\u00fc<\/a>, Universit\u00e9 McGill<\/p>\n<p><a href=\"https:\/\/www.uea.ac.uk\/norwich-business-school\/people\/profile\/f-karakas#overviewTab\">Fahri Karakas<\/a>, University of East Anglia<\/p>\n<p><a href=\"http:\/\/www.mcgill.ca\/desautels\/myung-soo-jo\">Myung-Soo Jo<\/a>, Universit\u00e9 McGill<\/p>\n<p><a href=\"http:\/\/www.vrrc.ulaval.ca\/fileadmin\/ulaval_ca\/Images\/recherche\/bd\/chercheur\/fiche\/5002120.html\">Frederick Stapenhurst<\/a>, Universit\u00e9 Laval et Universit\u00e9 McGill<\/p>\n<p>&nbsp;<\/p>\n<p>&nbsp;<\/p>\n","protected":false},"excerpt":{"rendered":"<p>Les membres associ\u00e9s se composent de professeurs et charg\u00e9s de cours effectuant de la recherche en lien avec les axes de recherche et d&rsquo;intervention du Laboratoire. Professeurs, charg\u00e9s de cours: Yves Lachance, UQAC Franck Basset, UQAC Anne-Fran\u00e7oise Audrain-Pontevia, \u00c9SG-UQAM Emine Sarig\u00f6ll\u00fc, Universit\u00e9 McGill Fahri Karakas, University of East Anglia Myung-Soo Jo, Universit\u00e9 McGill Frederick Stapenhurst, &hellip; <a href=\"https:\/\/recherche.uqac.ca\/labonfc\/qui-sommes-nous\/membres-associes\/\" class=\"more-link\">Continuer la lecture de <span class=\"screen-reader-text\">Membres associ\u00e9s<\/span>  <span class=\"meta-nav\">&rarr;<\/span><\/a><\/p>\n","protected":false},"author":10,"featured_media":0,"parent":143,"menu_order":2,"comment_status":"closed","ping_status":"closed","template":"showcase.php","meta":{"footnotes":""},"_links":{"self":[{"href":"https:\/\/recherche.uqac.ca\/labonfc\/wp-json\/wp\/v2\/pages\/25"}],"collection":[{"href":"https:\/\/recherche.uqac.ca\/labonfc\/wp-json\/wp\/v2\/pages"}],"about":[{"href":"https:\/\/recherche.uqac.ca\/labonfc\/wp-json\/wp\/v2\/types\/page"}],"author":[{"embeddable":true,"href":"https:\/\/recherche.uqac.ca\/labonfc\/wp-json\/wp\/v2\/users\/10"}],"replies":[{"embeddable":true,"href":"https:\/\/recherche.uqac.ca\/labonfc\/wp-json\/wp\/v2\/comments?post=25"}],"version-history":[{"count":16,"href":"https:\/\/recherche.uqac.ca\/labonfc\/wp-json\/wp\/v2\/pages\/25\/revisions"}],"predecessor-version":[{"id":590,"href":"https:\/\/recherche.uqac.ca\/labonfc\/wp-json\/wp\/v2\/pages\/25\/revisions\/590"}],"up":[{"embeddable":true,"href":"https:\/\/recherche.uqac.ca\/labonfc\/wp-json\/wp\/v2\/pages\/143"}],"wp:attachment":[{"href":"https:\/\/recherche.uqac.ca\/labonfc\/wp-json\/wp\/v2\/media?parent=25"}],"curies":[{"name":"wp","href":"https:\/\/api.w.org\/{rel}","templated":true}]}}