{"id":303,"date":"2017-09-21T18:11:44","date_gmt":"2017-09-21T17:11:44","guid":{"rendered":"https:\/\/recherche.uqac.ca\/labonfc\/?page_id=303"},"modified":"2018-12-07T04:20:21","modified_gmt":"2018-12-07T03:20:21","slug":"activites-de-transfert-de-connaissances","status":"publish","type":"page","link":"https:\/\/recherche.uqac.ca\/labonfc\/activites-de-transfert-de-connaissances\/","title":{"rendered":"Transfert de connaissances"},"content":{"rendered":"<h2>Interventions dans les m\u00e9dias:<\/h2>\n<p>Myriam Ertz, et Damien Hallegatte dans l&rsquo;article <a href=\"http:\/\/pourquoimedia.uqam.ca\/posts\/resistance-a-lobsolescence-e01191328f37255fbe12c1548c5a177c\">La r\u00e9parabilit\u00e9 en ch\u00fbte libre<\/a>, <em><strong>Pourquoi Media<\/strong><\/em>, 14 novembre 2018.<\/p>\n<p>Damien Hallegatte dans l&rsquo;article <a href=\"https:\/\/www.lequotidien.com\/affaires\/cahier-affaires\/travailler-sur-une-strategie-a-long-terme-0dcde5b7b1f4b569ce5ed58d4196710a\">Travailler sur une strat\u00e9gie \u00e0 long terme<\/a>, Cahier Affaires, <em><strong>Le Quotidien<\/strong><\/em>, 26 octobre 2018.<\/p>\n<p>Myriam Ertz dans L&rsquo;article <a href=\"https:\/\/www.lequotidien.com\/affaires\/cahier-affaires\/le-cercle-vicieux-de-loffre-et-de-la-demande-de79ffbc436580c1a9a5b26a4ecad07a\">Le cercle vicieux de l&rsquo;offre et de la demande<\/a>, Cahier Affaires, <em><strong>Le Quotidien<\/strong><\/em>, 26 octobre 2018.<\/p>\n<p>Ertz, M. (2018). Intervention en vid\u00e9oconf\u00e9rence pour un documentaire de\u00a0<strong><em>Radio-Canada Manitoba<\/em><\/strong>\u00a0sur l\u2019\u00c9conomie de Seconde Main au Canada.<\/p>\n<h2>Communications, pr\u00e9sentations, conf\u00e9rences:<\/h2>\n<p>Ertz, M. (2018). Intervention radiophonique concernant l\u2019indice de dur\u00e9e de vie des objets et de r\u00e9parabilit\u00e9 en France et son application potentielle au Canada, <strong><em>Radio-Canada Alberta<\/em><\/strong>, <em>La Crois\u00e9e<\/em>, 18h-19h, lundi 30 avril 2018.<\/p>\n<p>Article de journal Ertz, M., Hallegatte, D., et Bousquet, J. (2018), <a href=\"https:\/\/www.lequotidien.com\/actualites\/page-uqac\/evolution-ou-revolution-ff7b2802c276de49ac813c1ec7ebbc31\">\u00c9volution ou r\u00e9volution<\/a>,\u00a0<strong><em>Le Quotidien<\/em><\/strong>, dimanche 22 avril.<\/p>\n<p>Article de journal Morin, V., Simard, J., et Ertz, M. (2018), <a href=\"https:\/\/www.lequotidien.com\/actualites\/page-uqac\/uqac-la-recherche-en-gestion-dba65f8cbe6718a708fda9e05c36bae1\">UQAC\u00a0: La recherche en gestion<\/a>,\u00a0<strong><em>Le Quotidien<\/em><\/strong>, lundi 12 mars.<a href=\"https:\/\/recherche.uqac.ca\/labonfc\/wp-content\/uploads\/sites\/4\/2017\/09\/Capture.jpg\"><img loading=\"lazy\" decoding=\"async\" class=\"alignnone size-full wp-image-430\" src=\"https:\/\/recherche.uqac.ca\/labonfc\/wp-content\/uploads\/sites\/4\/2017\/09\/Capture.jpg\" alt=\"Capture\" width=\"832\" height=\"329\" srcset=\"https:\/\/recherche.uqac.ca\/labonfc\/wp-content\/uploads\/sites\/4\/2017\/09\/Capture.jpg 832w, https:\/\/recherche.uqac.ca\/labonfc\/wp-content\/uploads\/sites\/4\/2017\/09\/Capture-300x119.jpg 300w, https:\/\/recherche.uqac.ca\/labonfc\/wp-content\/uploads\/sites\/4\/2017\/09\/Capture-500x198.jpg 500w\" sizes=\"(max-width: 832px) 100vw, 832px\" \/><\/a><\/p>\n<p>Ertz, M. (2017), Consommation, capital de marque, et mod\u00e8les d&rsquo;affaires innovants: Tour d&rsquo;horizon, 1615\u00e8me D\u00e9jeuner hebdomadaire de la Fondation de l&rsquo;UQAC, FUQAC, 29 septembre.<\/p>\n<p>Hallegatte, D., et \u00c9ric Jean (2017), <a href=\"http:\/\/www.uqac.ca\/upopulaire\/programmation\/retro-boulot\/\">R\u00e9tro, boulot&#8230;<\/a>, Universit\u00e9 populaire de l&rsquo;UQAC, 24 mai.<\/p>\n<p style=\"text-align: center\"><a href=\"https:\/\/recherche.uqac.ca\/labonfc\/wp-content\/uploads\/sites\/4\/2017\/09\/Capture.png\"><img loading=\"lazy\" decoding=\"async\" class=\"alignnone size-medium wp-image-307\" src=\"https:\/\/recherche.uqac.ca\/labonfc\/wp-content\/uploads\/sites\/4\/2017\/09\/Capture-300x247.png\" alt=\"Capture\" width=\"300\" height=\"247\" \/><\/a><\/p>\n<hr \/>\n<p>&nbsp;<\/p>\n<h1>Rapports de recherche:<\/h1>\n<p>Durif, F., Arcand, M., Ertz, M., et Connolly, M. (2017), <a href=\"http:\/\/secondhandeconomy.kijiji.ca\/\">Kijiji secondhand economy index : 2017 report<\/a>.<\/p>\n<p><img decoding=\"async\" src=\"http:\/\/www.capital-image.com\/wp-content\/uploads\/2015\/07\/Kijiji-Second-Hand-Economy-Index.png\" alt=\"R\u00e9sultats de recherche d'images pour \u00ab\u00a0kijiji secondhand economy index\u00a0\u00bb\" \/><\/p>\n<p>Durif, F., Arcand, M., Ertz, M., et Connolly, M. (2017), <a href=\"http:\/\/consommationresponsable.kijiji.ca\/\">L\u2019indice Kijiji de l\u2019\u00e9conomie de seconde main : Rapport 2017<\/a>.<\/p>\n<p><img decoding=\"async\" src=\"http:\/\/vigiesmode.com\/wp-content\/uploads\/2017\/04\/Indice-kijiji-2017-vigiesmode.jpg\" alt=\"R\u00e9sultats de recherche d'images pour \u00ab\u00a0indice kijiji de l'\u00e9conomie de seconde main\u00a0\u00bb\" \/><\/p>\n","protected":false},"excerpt":{"rendered":"<p>Interventions dans les m\u00e9dias: Myriam Ertz, et Damien Hallegatte dans l&rsquo;article La r\u00e9parabilit\u00e9 en ch\u00fbte libre, Pourquoi Media, 14 novembre 2018. Damien Hallegatte dans l&rsquo;article Travailler sur une strat\u00e9gie \u00e0 long terme, Cahier Affaires, Le Quotidien, 26 octobre 2018. Myriam Ertz dans L&rsquo;article Le cercle vicieux de l&rsquo;offre et de la demande, Cahier Affaires, Le &hellip; <a href=\"https:\/\/recherche.uqac.ca\/labonfc\/activites-de-transfert-de-connaissances\/\" class=\"more-link\">Continuer la lecture de <span class=\"screen-reader-text\">Transfert de connaissances<\/span>  <span class=\"meta-nav\">&rarr;<\/span><\/a><\/p>\n","protected":false},"author":10,"featured_media":0,"parent":0,"menu_order":1,"comment_status":"closed","ping_status":"closed","template":"showcase.php","meta":{"footnotes":""},"_links":{"self":[{"href":"https:\/\/recherche.uqac.ca\/labonfc\/wp-json\/wp\/v2\/pages\/303"}],"collection":[{"href":"https:\/\/recherche.uqac.ca\/labonfc\/wp-json\/wp\/v2\/pages"}],"about":[{"href":"https:\/\/recherche.uqac.ca\/labonfc\/wp-json\/wp\/v2\/types\/page"}],"author":[{"embeddable":true,"href":"https:\/\/recherche.uqac.ca\/labonfc\/wp-json\/wp\/v2\/users\/10"}],"replies":[{"embeddable":true,"href":"https:\/\/recherche.uqac.ca\/labonfc\/wp-json\/wp\/v2\/comments?post=303"}],"version-history":[{"count":11,"href":"https:\/\/recherche.uqac.ca\/labonfc\/wp-json\/wp\/v2\/pages\/303\/revisions"}],"predecessor-version":[{"id":459,"href":"https:\/\/recherche.uqac.ca\/labonfc\/wp-json\/wp\/v2\/pages\/303\/revisions\/459"}],"wp:attachment":[{"href":"https:\/\/recherche.uqac.ca\/labonfc\/wp-json\/wp\/v2\/media?parent=303"}],"curies":[{"name":"wp","href":"https:\/\/api.w.org\/{rel}","templated":true}]}}