{"id":31,"date":"2017-06-22T18:33:04","date_gmt":"2017-06-22T17:33:04","guid":{"rendered":"https:\/\/recherche.uqac.ca\/labonfc\/?page_id=31"},"modified":"2018-08-28T14:29:51","modified_gmt":"2018-08-28T13:29:51","slug":"projets-de-recherche","status":"publish","type":"page","link":"https:\/\/recherche.uqac.ca\/labonfc\/que-faisons-nous\/projets-de-recherche\/","title":{"rendered":"Projets de recherche"},"content":{"rendered":"<h1><strong>Th\u00e9matiques des projets en cours<\/strong><\/h1>\n<ul>\n<li>Les processus intra-psychiques du recours \u00e0 l&rsquo;\u00e9conomie collaborative<\/li>\n<li>Mod\u00e8les d&rsquo;affaires pour des villes intelligentes dans une perspective de durabilit\u00e9<\/li>\n<li>Les cryptomonnaies (monnaies virtuelles) et la technologie de la blockchain dans la consommation<\/li>\n<li>L&rsquo;impact du recours au Big Data et \u00e0 l&rsquo;Internet des Objets (IdO)<\/li>\n<li>Les processus de \u00ab\u00a0fanatisation\u00a0\u00bb et de \u00ab\u00a0d\u00e9fanatisation\u00a0\u00bb des fans de football (soccer)<\/li>\n<\/ul>\n<p><strong>Th\u00e9matiques des projets\u00a0finalis\u00e9s<\/strong><\/p>\n<ul>\n<li>Relation entre image de marque et satisfaction<\/li>\n<li>La revitalisation de la marque et le retrobranding<\/li>\n<li>Les communaut\u00e9s de marque en ligne<\/li>\n<li>Le comportement du consommateur dans le commerce mobile (<em>m-commerce)<\/em><\/li>\n<li>La nostalgie et le retrobranding<\/li>\n<li>La duperie du consommateur dans les recherches en marketing<\/li>\n<li>\u00c9tude exploratoire du processus de d\u00e9fanatisation dans la relation fan\/\u00e9quipe de sport<\/li>\n<li>Le contr\u00f4le des manipulations dans les recherches en\u00a0marketing<\/li>\n<\/ul>\n<p>&nbsp;<\/p>\n","protected":false},"excerpt":{"rendered":"<p>Th\u00e9matiques des projets en cours Les processus intra-psychiques du recours \u00e0 l&rsquo;\u00e9conomie collaborative Mod\u00e8les d&rsquo;affaires pour des villes intelligentes dans une perspective de durabilit\u00e9 Les cryptomonnaies (monnaies virtuelles) et la technologie de la blockchain dans la consommation L&rsquo;impact du recours au Big Data et \u00e0 l&rsquo;Internet des Objets (IdO) Les processus de \u00ab\u00a0fanatisation\u00a0\u00bb et de &hellip; <a href=\"https:\/\/recherche.uqac.ca\/labonfc\/que-faisons-nous\/projets-de-recherche\/\" class=\"more-link\">Continuer la lecture de <span class=\"screen-reader-text\">Projets de recherche<\/span>  <span class=\"meta-nav\">&rarr;<\/span><\/a><\/p>\n","protected":false},"author":10,"featured_media":0,"parent":153,"menu_order":3,"comment_status":"closed","ping_status":"closed","template":"showcase.php","meta":{"footnotes":""},"_links":{"self":[{"href":"https:\/\/recherche.uqac.ca\/labonfc\/wp-json\/wp\/v2\/pages\/31"}],"collection":[{"href":"https:\/\/recherche.uqac.ca\/labonfc\/wp-json\/wp\/v2\/pages"}],"about":[{"href":"https:\/\/recherche.uqac.ca\/labonfc\/wp-json\/wp\/v2\/types\/page"}],"author":[{"embeddable":true,"href":"https:\/\/recherche.uqac.ca\/labonfc\/wp-json\/wp\/v2\/users\/10"}],"replies":[{"embeddable":true,"href":"https:\/\/recherche.uqac.ca\/labonfc\/wp-json\/wp\/v2\/comments?post=31"}],"version-history":[{"count":7,"href":"https:\/\/recherche.uqac.ca\/labonfc\/wp-json\/wp\/v2\/pages\/31\/revisions"}],"predecessor-version":[{"id":428,"href":"https:\/\/recherche.uqac.ca\/labonfc\/wp-json\/wp\/v2\/pages\/31\/revisions\/428"}],"up":[{"embeddable":true,"href":"https:\/\/recherche.uqac.ca\/labonfc\/wp-json\/wp\/v2\/pages\/153"}],"wp:attachment":[{"href":"https:\/\/recherche.uqac.ca\/labonfc\/wp-json\/wp\/v2\/media?parent=31"}],"curies":[{"name":"wp","href":"https:\/\/api.w.org\/{rel}","templated":true}]}}