{"id":533,"date":"2019-10-09T17:02:19","date_gmt":"2019-10-09T16:02:19","guid":{"rendered":"https:\/\/recherche.uqac.ca\/labonfc\/?page_id=533"},"modified":"2019-10-09T17:05:38","modified_gmt":"2019-10-09T16:05:38","slug":"etudiants-au-doctorat","status":"publish","type":"page","link":"https:\/\/recherche.uqac.ca\/labonfc\/rejoignez-nous\/etudiants-au-doctorat\/","title":{"rendered":"\u00c9tudiants au doctorat"},"content":{"rendered":"<p><strong>Faire sa th\u00e8se au sein du LaboNFC<\/strong><\/p>\n<p><em>Une id\u00e9e, une d\u00e9marche, une exp\u00e9rience unique et enrichissante<\/em><\/p>\n<p><strong>\u25ca\u00a0 \u00c9tape 1:<\/strong>\u00a0Choix du sujet et du cadre m\u00e9thodologique. Le choix d\u2019un sujet de recherche en lien avec\u00a0<a href=\"https:\/\/recherche.uqac.ca\/labonfc\/que-faisons-nous\/axes-de-recherche\/\">les axes de recherche du LaboNFC\u00a0<\/a>peut se faire seul ou avec l\u2019aide des\u00a0<a href=\"https:\/\/recherche.uqac.ca\/labonfc\/qui-sommes-nous\/membres-reguliers\/\">professeurs du LaboNFC<\/a>. Le cadre m\u00e9thodologique fait r\u00e9f\u00e9rence \u00e0 la mani\u00e8re de r\u00e9pondre aux questions de recherche (approche qualitative, quantitative, mixte, et ainsi de suite). \u00c0 ce stade, il est important de rester ouvert aux diff\u00e9rents types de m\u00e9thodologies existantes afin de choisir celle qui permettra de r\u00e9pondre au mieux\u00a0aux questions de recherche.<\/p>\n<hr \/>\n<p><strong>\u25ca\u00a0 \u00c9tape 2:<\/strong>\u00a0Candidater aux bourses de financement \u00e0 la recherche. Les probl\u00e9matiques d\u2019ordres financi\u00e8res ne devraient pas constituer un frein au d\u00e9veloppement de la recherche. Les sources de financement son nombreuses et proviennent de l\u2019UQAC, de partenaires priv\u00e9s, ou d\u2019organismes subventionnaires g\u00e9r\u00e9s par le gouvernement du Canada, le gouvernement du Qu\u00e9bec. Pour en savoir plus sur les diff\u00e9rentes bourses et prix offerts aux \u00e9tudiants de l\u2019UQAC,\u00a0<a href=\"http:\/\/sae.uqac.ca\/bourses\/\">le portail des bourses<\/a>\u00a0centralise toutes les bourses internes ou externes auxquels il est possible de candidater.<\/p>\n<hr \/>\n<p><strong>\u25ca\u00a0 \u00c9tape 3:<\/strong>\u00a0Collecter, analyser, et interpr\u00e9ter les donn\u00e9es. C\u2019est la phase la plus enrichissante et la plus stimulante du m\u00e9moire. Il s\u2019agit de collecter les donn\u00e9es, de r\u00e9aliser les tests et les exp\u00e9rimentations permettant de tester des hypoth\u00e8ses ou de d\u00e9velopper des propositions de recherche. L\u2019analyse suit g\u00e9n\u00e9ralement la phase de collecte. Le LaboNFC met \u00e0 la disposition de ses \u00e9tudiants les outils les plus avanc\u00e9s en mati\u00e8re d\u2019analyse de donn\u00e9es quantitatives ou qualitatives.<\/p>\n<hr \/>\n<p><strong>\u25ca\u00a0 \u00c9tape 4:\u00a0<\/strong>Finaliser la r\u00e9daction\u00a0et soumettre la th\u00e8se. Lorsque les donn\u00e9es ont \u00e9t\u00e9 analys\u00e9es et interpr\u00e9t\u00e9es, la phase de r\u00e9daction permet de faire un compte-rendu de la d\u00e9marche acad\u00e9mique de la recherche. Ce document fait r\u00e9f\u00e9rence au\u00a0m\u00e9moire et sa finalise signe l\u2019aboutissement\u00a0du doctorat.\u00a0\u00c0 ce stade, des communications peuvent \u00eatre r\u00e9alis\u00e9es dans des conf\u00e9rences nationales ou internationales avec comit\u00e9 de lecture. Les meilleurs travaux seront pas ailleurs \u00e9ligibles \u00e0 des revues scientifiques cot\u00e9es dans les classements internationaux. L&rsquo;\u00e9tape ultime de la soutenance de th\u00e8se scelle un parcours acad\u00e9mique parfois parsem\u00e9 d&#8217;emb\u00fbches mais \u00f4 combien enrichissant et stimulant pour l&rsquo;\u00e9tudiant.<\/p>\n<p>&nbsp;<\/p>\n","protected":false},"excerpt":{"rendered":"<p>Faire sa th\u00e8se au sein du LaboNFC Une id\u00e9e, une d\u00e9marche, une exp\u00e9rience unique et enrichissante \u25ca\u00a0 \u00c9tape 1:\u00a0Choix du sujet et du cadre m\u00e9thodologique. Le choix d\u2019un sujet de recherche en lien avec\u00a0les axes de recherche du LaboNFC\u00a0peut se faire seul ou avec l\u2019aide des\u00a0professeurs du LaboNFC. Le cadre m\u00e9thodologique fait r\u00e9f\u00e9rence \u00e0 la &hellip; <a href=\"https:\/\/recherche.uqac.ca\/labonfc\/rejoignez-nous\/etudiants-au-doctorat\/\" class=\"more-link\">Continuer la lecture de <span class=\"screen-reader-text\">\u00c9tudiants au doctorat<\/span>  <span class=\"meta-nav\">&rarr;<\/span><\/a><\/p>\n","protected":false},"author":10,"featured_media":0,"parent":200,"menu_order":2,"comment_status":"closed","ping_status":"closed","template":"showcase.php","meta":{"footnotes":""},"_links":{"self":[{"href":"https:\/\/recherche.uqac.ca\/labonfc\/wp-json\/wp\/v2\/pages\/533"}],"collection":[{"href":"https:\/\/recherche.uqac.ca\/labonfc\/wp-json\/wp\/v2\/pages"}],"about":[{"href":"https:\/\/recherche.uqac.ca\/labonfc\/wp-json\/wp\/v2\/types\/page"}],"author":[{"embeddable":true,"href":"https:\/\/recherche.uqac.ca\/labonfc\/wp-json\/wp\/v2\/users\/10"}],"replies":[{"embeddable":true,"href":"https:\/\/recherche.uqac.ca\/labonfc\/wp-json\/wp\/v2\/comments?post=533"}],"version-history":[{"count":3,"href":"https:\/\/recherche.uqac.ca\/labonfc\/wp-json\/wp\/v2\/pages\/533\/revisions"}],"predecessor-version":[{"id":536,"href":"https:\/\/recherche.uqac.ca\/labonfc\/wp-json\/wp\/v2\/pages\/533\/revisions\/536"}],"up":[{"embeddable":true,"href":"https:\/\/recherche.uqac.ca\/labonfc\/wp-json\/wp\/v2\/pages\/200"}],"wp:attachment":[{"href":"https:\/\/recherche.uqac.ca\/labonfc\/wp-json\/wp\/v2\/media?parent=533"}],"curies":[{"name":"wp","href":"https:\/\/api.w.org\/{rel}","templated":true}]}}