{"id":76,"date":"2017-08-30T17:34:31","date_gmt":"2017-08-30T16:34:31","guid":{"rendered":"https:\/\/recherche.uqac.ca\/labonfc\/?page_id=76"},"modified":"2018-09-05T20:13:22","modified_gmt":"2018-09-05T19:13:22","slug":"communications-dans-des-conferences-arbitrees","status":"publish","type":"page","link":"https:\/\/recherche.uqac.ca\/labonfc\/que-faisons-nous\/communications-dans-des-conferences-arbitrees\/","title":{"rendered":"Communications dans des conf\u00e9rences arbitr\u00e9es"},"content":{"rendered":"<p><span style=\"color: #00ccff\"><strong>AXE 1 &#8211; Mod\u00e9lisation du comportement du consommateur<\/strong><\/span><\/p>\n<p>Arsenault, J., et Ertz, M. (2018), \u201cAn exploratory study of cryptocurrencies usage in current exchange,\u201d communication pr\u00e9sent\u00e9e \u00e0 la\u00a0<strong><em>1<sup>\u00e8re<\/sup>\u00a0FinteQC Conference 2018<\/em><\/strong>, L\u00e9vis, Canada, 20-21 juin.<\/p>\n<p>Arsenault, J., et Ertz, M. (2018), \u201cFactors hindering the adoption of cryptocurrencies in commercial transactions : A topological and vector psychology perspective,\u201d communication pr\u00e9sent\u00e9e \u00e0 la\u00a0<strong><em>Digital, Innovation &amp; Financing (DIF) Conference 2018<\/em><\/strong>, Lyon, France, 11-12 juin.<\/p>\n<p>Simard, M., Hallegatte, D., et Ertz, M. (2018), \u00ab <a href=\"https:\/\/recherche.uqac.ca\/labonfc\/wp-content\/uploads\/sites\/4\/2017\/08\/Typologie.pdf\">Typologie des communaut\u00e9s de marque<\/a>,\u00a0\u00bb communication pr\u00e9sent\u00e9e lors du\u00a0<strong><em>86<sup>\u00e8me<\/sup>\u00a0Congr\u00e8s de l\u2019Association Francophone pour le Savoir (ACFAS)<\/em><\/strong>, Saguenay, Canada, 7-11 mai.<\/p>\n<p>Bousquet, J., Cova, V., et Claveau, C. (2018), \u00ab\u00a0<a href=\"https:\/\/recherche.uqac.ca\/labonfc\/wp-content\/uploads\/sites\/4\/2018\/06\/presentation_acfas_2018_Julien.pdf\">\u00c9volution de la dichotomie Sacr\u00e9 vs Profane : Une analyse historique du p\u00e8lerinage \u00e0 Saint Jacques de Compostelle<\/a>,\u00a0\u00bb\u00a0communication pr\u00e9sent\u00e9e lors du\u00a0<strong><em>86<sup>\u00e8me<\/sup>\u00a0Congr\u00e8s de l\u2019Association Francophone pour le Savoir (ACFAS)<\/em><\/strong>, Saguenay, Canada, 7-11 mai.<\/p>\n<p>Leblanc-Proulx, S., Ertz, M., et Sarigollu, E. (2018), \u00ab <a href=\"https:\/\/recherche.uqac.ca\/labonfc\/wp-content\/uploads\/sites\/4\/2018\/06\/TMAEVP_ACFAS_S\u00e9bastien.pdf\">Multiples vies des produits : Une taxonomie des mod\u00e8les d\u2019affaires<\/a>,\u00a0\u00bb communication pr\u00e9sent\u00e9e lors du <strong><em>86<sup>\u00e8me<\/sup> Congr\u00e8s de l\u2019Association Francophone pour le Savoir (ACFAS)<\/em><\/strong>, Saguenay, Canada, 7-11 mai.<\/p>\n<p>Ertz, M., Jo, M.-S., Karakas, F., Sarigollu, E. (2017), \u00ab\u00a0Cross-cultural exploration of two-sided message effectiveness: The role of balance theory in processing persuasive information,\u00a0\u00bb\u00a0<strong><em>Cross Cultural Research Conference<\/em><\/strong>, Maui, Hawaii, d\u00e9cembre.<\/p>\n<p>Ertz, M., Sarig\u00f6ll\u00fc,, E. (2017). From action to affect: Examination of the moderating impact of satisfaction on the conative-affective relationship in pro-environmental behavior. Congr\u00e8s annuel de l&rsquo;<strong><em>Association des Sciences Administratives du Canada (ASAC)<\/em><\/strong>. Montr\u00e9al, Canada.<\/p>\n<p>Hallegatte, D., et Marticotte, F. (2017). Le r\u00f4le mod\u00e9rateur de la propension \u00e0 la nostalgie sur les intentions comportementales des consommateurs relatives \u00e0 une offre de r\u00e9tromarketing. 33\u00e8me congr\u00e8s international de l&rsquo;<strong><em>Association Fran\u00e7aise du Marketing<\/em><\/strong>. Tours, France.<\/p>\n<p>Simard, M., et Hallegatte, D. (2017). L&rsquo;acculturation dans les communaut\u00e9s de marque. 85\u00e8me congr\u00e8s de l&rsquo;<strong><em>ACFAS<\/em><\/strong>. Montr\u00e9al, Canada.<\/p>\n<p>Simard, M., et Hallegatte, D. (2017). La transcendance des communaut\u00e9s de marque. Congr\u00e8s annuel de l&rsquo;<strong><em>Association des Sciences Administratives du Canada (ASAC)<\/em><\/strong>. Montr\u00e9al, Canada.<\/p>\n<p><span style=\"color: #00ccff\"><strong>AXE 2 &#8211;\u00a0Technologies\u00a0et mod\u00e8les d&rsquo;affaires innovants<\/strong><\/span><\/p>\n<p>Leblanc-Proulx, S., Ertz, M., et Sarigollu, E. (2018), \u00ab\u00a0<a href=\"https:\/\/recherche.uqac.ca\/labonfc\/wp-content\/uploads\/sites\/4\/2018\/06\/TMAEVP_ACFAS_S\u00e9bastien.pdf\">Multiples vies des produits: une taxonomie des mod\u00e8les d&rsquo;affaires<\/a>,\u00a0\u00bb communication pr\u00e9sent\u00e9e lors du\u00a0<strong><em>86<sup>\u00e8me<\/sup>\u00a0Congr\u00e8s de l\u2019Association Francophone pour le Savoir (ACFAS)<\/em><\/strong>, Saguenay, Canada, 7-11 mai.<\/p>\n<p>Simard, M., Hallegatte, D., et Ertz, M. (2018), \u00ab\u00a0<a href=\"https:\/\/recherche.uqac.ca\/labonfc\/wp-content\/uploads\/sites\/4\/2017\/08\/Typologie.pdf\">Typologie des communaut\u00e9s de marque<\/a>,\u00a0\u00bb communication pr\u00e9sent\u00e9e lors du\u00a0<strong><em>86<sup>\u00e8me<\/sup>\u00a0Congr\u00e8s de l\u2019Association Francophone pour le Savoir (ACFAS)<\/em><\/strong>, Saguenay, Canada, 7-11 mai.<\/p>\n<p><span style=\"color: #00ccff\"><strong>AXE 3 &#8211; Contribution \u00e0 la qualit\u00e9 de vie et au bien-\u00eatre social<\/strong><\/span><\/p>\n<p>Hallegatte, D. (2017). La nostalgie et le dogme moderniste du progr\u00e8s. 85\u00e8me congr\u00e8s annuel de l&rsquo;<strong><em>ACFAS<\/em><\/strong>. Montr\u00e9al, Canada.<\/p>\n<p>Hallegatte, D. (2017). Duperie et v\u00e9rification des manipulations dans les exp\u00e9rimentations: Une approche co\u00fbt-b\u00e9n\u00e9fice. Congr\u00e8s annuel de l&rsquo;<strong><em>Association des Sciences Administratives du Canada (ASAC)<\/em><\/strong>. Montr\u00e9al, Canada.<\/p>\n<p>&nbsp;<\/p>\n","protected":false},"excerpt":{"rendered":"<p>AXE 1 &#8211; Mod\u00e9lisation du comportement du consommateur Arsenault, J., et Ertz, M. (2018), \u201cAn exploratory study of cryptocurrencies usage in current exchange,\u201d communication pr\u00e9sent\u00e9e \u00e0 la\u00a01\u00e8re\u00a0FinteQC Conference 2018, L\u00e9vis, Canada, 20-21 juin. Arsenault, J., et Ertz, M. (2018), \u201cFactors hindering the adoption of cryptocurrencies in commercial transactions : A topological and vector psychology perspective,\u201d &hellip; <a href=\"https:\/\/recherche.uqac.ca\/labonfc\/que-faisons-nous\/communications-dans-des-conferences-arbitrees\/\" class=\"more-link\">Continuer la lecture de <span class=\"screen-reader-text\">Communications dans des conf\u00e9rences arbitr\u00e9es<\/span>  <span class=\"meta-nav\">&rarr;<\/span><\/a><\/p>\n","protected":false},"author":10,"featured_media":0,"parent":153,"menu_order":6,"comment_status":"closed","ping_status":"closed","template":"showcase.php","meta":{"footnotes":""},"_links":{"self":[{"href":"https:\/\/recherche.uqac.ca\/labonfc\/wp-json\/wp\/v2\/pages\/76"}],"collection":[{"href":"https:\/\/recherche.uqac.ca\/labonfc\/wp-json\/wp\/v2\/pages"}],"about":[{"href":"https:\/\/recherche.uqac.ca\/labonfc\/wp-json\/wp\/v2\/types\/page"}],"author":[{"embeddable":true,"href":"https:\/\/recherche.uqac.ca\/labonfc\/wp-json\/wp\/v2\/users\/10"}],"replies":[{"embeddable":true,"href":"https:\/\/recherche.uqac.ca\/labonfc\/wp-json\/wp\/v2\/comments?post=76"}],"version-history":[{"count":13,"href":"https:\/\/recherche.uqac.ca\/labonfc\/wp-json\/wp\/v2\/pages\/76\/revisions"}],"predecessor-version":[{"id":442,"href":"https:\/\/recherche.uqac.ca\/labonfc\/wp-json\/wp\/v2\/pages\/76\/revisions\/442"}],"up":[{"embeddable":true,"href":"https:\/\/recherche.uqac.ca\/labonfc\/wp-json\/wp\/v2\/pages\/153"}],"wp:attachment":[{"href":"https:\/\/recherche.uqac.ca\/labonfc\/wp-json\/wp\/v2\/media?parent=76"}],"curies":[{"name":"wp","href":"https:\/\/api.w.org\/{rel}","templated":true}]}}