{"id":117,"date":"2020-10-28T14:37:24","date_gmt":"2020-10-28T13:37:24","guid":{"rendered":"https:\/\/recherche.uqac.ca\/lerga\/?page_id=117"},"modified":"2020-10-28T15:05:02","modified_gmt":"2020-10-28T14:05:02","slug":"50-ans-geographie-uqac","status":"publish","type":"page","link":"https:\/\/recherche.uqac.ca\/lerga\/page-d-exemple\/50-ans-geographie-uqac\/","title":{"rendered":"50 ans- G\u00e9ographie-UQAC"},"content":{"rendered":"<p>Il nous apparaissait inconcevable de ne pas donner suite au colloque qui a \u00e9t\u00e9 tenu le 11 octobre 2019 dans les murs de l\u2019Universit\u00e9 du Qu\u00e9bec \u00e0 Chicoutimi. Ce fut une journ\u00e9e consacr\u00e9e \u00e0 des r\u00e9flexions sur la g\u00e9ographie telle qu\u2019elle est v\u00e9cue aujourd\u2019hui et sur celle qui sera enseign\u00e9e et pratiqu\u00e9e dans les prochaines d\u00e9cennies. L\u2019objectif \u00e9tait ambitieux et nous croyons que le contenu du programme de la journ\u00e9e\u00a0 a\u00a0 permis\u00a0 d\u2019exprimer\u00a0 les\u00a0 joies,\u00a0 les\u00a0 vell\u00e9it\u00e9s,\u00a0 les\u00a0 espoirs\u00a0 et\u00a0 les\u00a0 emb\u00fbches\u00a0 de\u00a0 la g\u00e9ographie\u00a0 du XXIe\u00a0 si\u00e8cle.<\/p>\n<p>On verra essentiellement dans ce rapport un r\u00e9sum\u00e9 des allocutions qui ont \u00e9t\u00e9 prononc\u00e9es et des propos qui ont \u00e9t\u00e9 \u00e9chang\u00e9s lors des expos\u00e9s eux-m\u00eames, lors des ateliers et au moment o\u00f9 a \u00e9t\u00e9 lanc\u00e9 le volume Des g\u00e9ographes \u00e0 l\u2019\u0153uvre. On trouvera aussi en annexe des compl\u00e9ments d\u2019information sur les emplois, des reprises d\u2019articles de journaux, des r\u00e9f\u00e9rences, dont des ouvrages qui ont \u00e9t\u00e9 produits \u00e0 l\u2019occasion du 50e\u00a0 de l\u2019universit\u00e9. Puis, une s\u00e9rie de photographies compl\u00e8tera le tout.<\/p>\n<p>Un grand merci aux coll\u00e8gues et amis g\u00e9ographes qui se sont investis dans la production de ce rapport en l\u2019alimentant de leurs r\u00e9flexions; et merci \u00e0 ceux qui ont mis la main \u00e0 la p\u00e2te dans l\u2019organisation et dans le d\u00e9roulement du colloque ainsi qu\u2019aux nombreux participants \u00e0 cette journ\u00e9e m\u00e9morable.<\/p>\n<p>Vous trouverez le r\u00e9sum\u00e9 de cette journ\u00e9e et des photos souvenirs au lien suivant\u00a0:\u00a0<a href=\"https:\/\/recherche.uqac.ca\/lerga\/wp-content\/uploads\/sites\/9\/2020\/10\/Actes-de-conference-50-ans-G\u00e9ographie_2020.pdf\" target=\"_blank\">Actes de conf\u00e9rence \/ 50 ans de g\u00e9ographie \u00e0 l&rsquo;UQAC<\/a><\/p>\n<p>&nbsp;<\/p>\n<p><a href=\"https:\/\/recherche.uqac.ca\/lerga\/wp-content\/uploads\/sites\/9\/2020\/10\/auteurs-Recueuil-2019-e1603893651150.jpg\"><img loading=\"lazy\" decoding=\"async\" class=\"alignnone size-full wp-image-129\" src=\"https:\/\/recherche.uqac.ca\/lerga\/wp-content\/uploads\/sites\/9\/2020\/10\/auteurs-Recueuil-2019-e1603893651150.jpg\" alt=\"auteurs-2019\" width=\"1016\" height=\"568\" \/><\/a><\/p>\n","protected":false},"excerpt":{"rendered":"<p>Il nous apparaissait inconcevable de ne pas donner suite au colloque qui a \u00e9t\u00e9 tenu le 11 octobre 2019 dans les murs de l\u2019Universit\u00e9 du Qu\u00e9bec \u00e0 Chicoutimi. Ce fut une journ\u00e9e consacr\u00e9e \u00e0 des r\u00e9flexions sur la g\u00e9ographie telle qu\u2019elle est v\u00e9cue aujourd\u2019hui et sur celle qui sera enseign\u00e9e et pratiqu\u00e9e dans les prochaines &hellip; <a href=\"https:\/\/recherche.uqac.ca\/lerga\/page-d-exemple\/50-ans-geographie-uqac\/\" class=\"more-link\">Continuer la lecture de <span class=\"screen-reader-text\">50 ans- G\u00e9ographie-UQAC<\/span>  <span class=\"meta-nav\">&rarr;<\/span><\/a><\/p>\n","protected":false},"author":19,"featured_media":0,"parent":2,"menu_order":0,"comment_status":"closed","ping_status":"closed","template":"","meta":{"footnotes":""},"_links":{"self":[{"href":"https:\/\/recherche.uqac.ca\/lerga\/wp-json\/wp\/v2\/pages\/117"}],"collection":[{"href":"https:\/\/recherche.uqac.ca\/lerga\/wp-json\/wp\/v2\/pages"}],"about":[{"href":"https:\/\/recherche.uqac.ca\/lerga\/wp-json\/wp\/v2\/types\/page"}],"author":[{"embeddable":true,"href":"https:\/\/recherche.uqac.ca\/lerga\/wp-json\/wp\/v2\/users\/19"}],"replies":[{"embeddable":true,"href":"https:\/\/recherche.uqac.ca\/lerga\/wp-json\/wp\/v2\/comments?post=117"}],"version-history":[{"count":5,"href":"https:\/\/recherche.uqac.ca\/lerga\/wp-json\/wp\/v2\/pages\/117\/revisions"}],"predecessor-version":[{"id":132,"href":"https:\/\/recherche.uqac.ca\/lerga\/wp-json\/wp\/v2\/pages\/117\/revisions\/132"}],"up":[{"embeddable":true,"href":"https:\/\/recherche.uqac.ca\/lerga\/wp-json\/wp\/v2\/pages\/2"}],"wp:attachment":[{"href":"https:\/\/recherche.uqac.ca\/lerga\/wp-json\/wp\/v2\/media?parent=117"}],"curies":[{"name":"wp","href":"https:\/\/api.w.org\/{rel}","templated":true}]}}