{"id":137,"date":"2022-03-22T20:20:58","date_gmt":"2022-03-22T19:20:58","guid":{"rendered":"https:\/\/recherche.uqac.ca\/lerga\/?page_id=137"},"modified":"2022-03-22T20:21:35","modified_gmt":"2022-03-22T19:21:35","slug":"projet-vigne-et-vignobles","status":"publish","type":"page","link":"https:\/\/recherche.uqac.ca\/lerga\/page-d-exemple\/projet-vigne-et-vignobles\/","title":{"rendered":"Projet Vigne et Vignobles"},"content":{"rendered":"<p><strong><span style=\"font-family: 'Arial','sans-serif';color: black\">VIGNE ET VIGNOBLES AU SAGUENAY-LAC-SAINT-JEAN &#8211; Un projet de Majella-J.Gauthier, Professeur \u00e9m\u00e9rite de l&rsquo;UQAC<\/span><\/strong><\/p>\n<p><span style=\"font-family: 'Arial','sans-serif';color: black\">Une nouvelle publication l\u00e8ve le voile sur l&rsquo;implantation de la vigne et de vignobles dans cette r\u00e9gion du Qu\u00e9bec r\u00e9put\u00e9e nordique. On y compte une demi-douzaines d&rsquo;entreprises d&rsquo;importance en plus d&rsquo;une trentaine d&rsquo;installations de petite taille. Depuis ces derni\u00e8res ann\u00e9es, il y a eu en moyenne 1 000 plants par ann\u00e9e mis en terre pour un total actuel de 36 600 plants. Le r\u00e9chauffement climatique, le d\u00e9veloppement de c\u00e9pages hybrides rustiques, la pr\u00e9sence de microclimats et le fait que les producteurs soient de plus en plus inform\u00e9s et form\u00e9s \u00e0 la viticulture expliquent cet engouement<\/span><\/p>\n<p>Pour t\u00e9l\u00e9charger cette publication :\u00a0<a href=\"https:\/\/constellation.uqac.ca\/7436\/\" target=\"_blank\">VIGNE ET VIGNOBLES AU SAGUENAY-LAC-SAINT-JEAN<\/a><\/p>\n<p>Bonne lecture !<\/p>\n","protected":false},"excerpt":{"rendered":"<p>VIGNE ET VIGNOBLES AU SAGUENAY-LAC-SAINT-JEAN &#8211; Un projet de Majella-J.Gauthier, Professeur \u00e9m\u00e9rite de l&rsquo;UQAC Une nouvelle publication l\u00e8ve le voile sur l&rsquo;implantation de la vigne et de vignobles dans cette r\u00e9gion du Qu\u00e9bec r\u00e9put\u00e9e nordique. On y compte une demi-douzaines d&rsquo;entreprises d&rsquo;importance en plus d&rsquo;une trentaine d&rsquo;installations de petite taille. Depuis ces derni\u00e8res ann\u00e9es, il &hellip; <a href=\"https:\/\/recherche.uqac.ca\/lerga\/page-d-exemple\/projet-vigne-et-vignobles\/\" class=\"more-link\">Continuer la lecture de <span class=\"screen-reader-text\">Projet Vigne et Vignobles<\/span>  <span class=\"meta-nav\">&rarr;<\/span><\/a><\/p>\n","protected":false},"author":19,"featured_media":0,"parent":2,"menu_order":0,"comment_status":"closed","ping_status":"closed","template":"","meta":{"footnotes":""},"_links":{"self":[{"href":"https:\/\/recherche.uqac.ca\/lerga\/wp-json\/wp\/v2\/pages\/137"}],"collection":[{"href":"https:\/\/recherche.uqac.ca\/lerga\/wp-json\/wp\/v2\/pages"}],"about":[{"href":"https:\/\/recherche.uqac.ca\/lerga\/wp-json\/wp\/v2\/types\/page"}],"author":[{"embeddable":true,"href":"https:\/\/recherche.uqac.ca\/lerga\/wp-json\/wp\/v2\/users\/19"}],"replies":[{"embeddable":true,"href":"https:\/\/recherche.uqac.ca\/lerga\/wp-json\/wp\/v2\/comments?post=137"}],"version-history":[{"count":3,"href":"https:\/\/recherche.uqac.ca\/lerga\/wp-json\/wp\/v2\/pages\/137\/revisions"}],"predecessor-version":[{"id":147,"href":"https:\/\/recherche.uqac.ca\/lerga\/wp-json\/wp\/v2\/pages\/137\/revisions\/147"}],"up":[{"embeddable":true,"href":"https:\/\/recherche.uqac.ca\/lerga\/wp-json\/wp\/v2\/pages\/2"}],"wp:attachment":[{"href":"https:\/\/recherche.uqac.ca\/lerga\/wp-json\/wp\/v2\/media?parent=137"}],"curies":[{"name":"wp","href":"https:\/\/api.w.org\/{rel}","templated":true}]}}