{"id":2,"date":"2018-11-21T22:42:18","date_gmt":"2018-11-21T21:42:18","guid":{"rendered":"https:\/\/recherche.uqac.ca\/lerga\/?page_id=2"},"modified":"2025-02-03T16:36:02","modified_gmt":"2025-02-03T15:36:02","slug":"page-d-exemple","status":"publish","type":"page","link":"https:\/\/recherche.uqac.ca\/lerga\/page-d-exemple\/","title":{"rendered":"\u00c0 propos"},"content":{"rendered":"<p>&nbsp;<\/p>\n<p><a href=\"https:\/\/recherche.uqac.ca\/lerga\/wp-content\/uploads\/sites\/9\/2025\/02\/LOGO_LERGA_H25_Couleur.jpg\"><img loading=\"lazy\" decoding=\"async\" class=\"aligncenter wp-image-203 size-full\" src=\"https:\/\/recherche.uqac.ca\/lerga\/wp-content\/uploads\/sites\/9\/2025\/02\/LOGO_LERGA_H25_Couleur.jpg\" alt=\"\" width=\"398\" height=\"141\" srcset=\"https:\/\/recherche.uqac.ca\/lerga\/wp-content\/uploads\/sites\/9\/2025\/02\/LOGO_LERGA_H25_Couleur.jpg 398w, https:\/\/recherche.uqac.ca\/lerga\/wp-content\/uploads\/sites\/9\/2025\/02\/LOGO_LERGA_H25_Couleur-300x106.jpg 300w\" sizes=\"(max-width: 398px) 100vw, 398px\" \/><\/a><\/p>\n<p>Le laboratoire d&rsquo;expertise et de recherche en g\u00e9ographie appliqu\u00e9e (LERGA) se sp\u00e9cialise en hydrog\u00e9omorphologie et en d\u00e9veloppement d\u2019outils g\u00e9omatiques au service de la gestion des environnements naturels et des liens avec l&rsquo;utilisation et l&rsquo;am\u00e9nagement du territoire.<\/p>\n<p>Laboratoire multidisciplinaire, notre objectif est de travailler avec les acteurs de l\u2019eau de la r\u00e9gion et du Qu\u00e9bec afin de d\u00e9velopper des connaissances et des outils utiles pour les grands enjeux contemporains.<\/p>\n<p>Nous voulons stimuler le d\u00e9veloppement de l\u2019expertise et des recherches dans le champ de la science g\u00e9ographique, hydrog\u00e9omorphologique et g\u00e9omatique, tant au niveau de la g\u00e9ographie humaine que pour le volet g\u00e9ographie physique de la discipline.<\/p>\n<p>Le LERGA regroupe deux professeurs r\u00e9guliers en g\u00e9ographie (Vincent Lecours et Maxime Boivin), un professeur \u00e9m\u00e9rite (Majella-J Gauthier) et plusieurs professionnels de recherche (Johan B\u00e9rub\u00e9, Marie-Jo\u00eblle Lauzier, Janie Vin-Deslauriers&#8230;). De plus, des \u00e9tudiants des cycles sup\u00e9rieurs et du premier cycle travaillent ponctuellement au LERGA dans le cadre de diff\u00e9rents projets de recherche.<\/p>\n<p><strong>Les membres du LERGA travaillent sur quatre axes de recherche :<\/strong><\/p>\n<p><strong>Axe 1 :<\/strong>\u00a0 Dynamiques spatiales et soci\u00e9t\u00e9 (Cartographie, traitements et visualisation de donn\u00e9es g\u00e9omatiques, anthropisation des milieux naturels, etc.) ;<\/p>\n<p><strong>Axe 2 :<\/strong>\u00a0 \u00a0Am\u00e9nagement et d\u00e9veloppement (\u00e9tude des politiques publiques territoriales, \u00e9valuation de projets et impacts sur l&rsquo;environnement, enjeux d\u2019am\u00e9nagement en milieux urbains et ruraux, etc.) ;<\/p>\n<p><strong>Axe 3 :<\/strong>\u00a0 \u00a0Environnement et processus hydrog\u00e9omorphologiques (\u00e9tude des environnements fluviaux et lacustres, probl\u00e9matiques biog\u00e9ophysiques et gestion int\u00e9gr\u00e9e des bassins versants, etc.).<\/p>\n<p><strong>Axe 4\u00a0: \u00a0<\/strong>D\u00e9veloppement de nouvelles m\u00e9thodes d\u2019analyses des environnements naturels\u00a0 et aquatiques par imageries a\u00e9roport\u00e9es (drone, images a\u00e9riennes et satellitaires)<strong>.<\/strong><\/p>\n<p><a href=\"https:\/\/recherche.uqac.ca\/lerga\/wp-content\/uploads\/sites\/9\/2025\/02\/AFFban_LERGA_H25_Proposition1-scaled.jpg\"><img loading=\"lazy\" decoding=\"async\" class=\"aligncenter wp-image-204 size-full\" src=\"https:\/\/recherche.uqac.ca\/lerga\/wp-content\/uploads\/sites\/9\/2025\/02\/AFFban_LERGA_H25_Proposition1-scaled.jpg\" alt=\"\" width=\"1009\" height=\"2560\" srcset=\"https:\/\/recherche.uqac.ca\/lerga\/wp-content\/uploads\/sites\/9\/2025\/02\/AFFban_LERGA_H25_Proposition1-scaled.jpg 1009w, https:\/\/recherche.uqac.ca\/lerga\/wp-content\/uploads\/sites\/9\/2025\/02\/AFFban_LERGA_H25_Proposition1-118x300.jpg 118w, https:\/\/recherche.uqac.ca\/lerga\/wp-content\/uploads\/sites\/9\/2025\/02\/AFFban_LERGA_H25_Proposition1-404x1024.jpg 404w, https:\/\/recherche.uqac.ca\/lerga\/wp-content\/uploads\/sites\/9\/2025\/02\/AFFban_LERGA_H25_Proposition1-768x1949.jpg 768w, https:\/\/recherche.uqac.ca\/lerga\/wp-content\/uploads\/sites\/9\/2025\/02\/AFFban_LERGA_H25_Proposition1-605x1536.jpg 605w, https:\/\/recherche.uqac.ca\/lerga\/wp-content\/uploads\/sites\/9\/2025\/02\/AFFban_LERGA_H25_Proposition1-807x2048.jpg 807w\" sizes=\"(max-width: 1009px) 100vw, 1009px\" \/><\/a><\/p>\n","protected":false},"excerpt":{"rendered":"<p>&nbsp; Le laboratoire d&rsquo;expertise et de recherche en g\u00e9ographie appliqu\u00e9e (LERGA) se sp\u00e9cialise en hydrog\u00e9omorphologie et en d\u00e9veloppement d\u2019outils g\u00e9omatiques au service de la gestion des environnements naturels et des liens avec l&rsquo;utilisation et l&rsquo;am\u00e9nagement du territoire. Laboratoire multidisciplinaire, notre objectif est de travailler avec les acteurs de l\u2019eau de la r\u00e9gion et du Qu\u00e9bec &hellip; <a href=\"https:\/\/recherche.uqac.ca\/lerga\/page-d-exemple\/\" class=\"more-link\">Continuer la lecture de <span class=\"screen-reader-text\">\u00c0 propos<\/span>  <span class=\"meta-nav\">&rarr;<\/span><\/a><\/p>\n","protected":false},"author":19,"featured_media":0,"parent":0,"menu_order":0,"comment_status":"closed","ping_status":"open","template":"","meta":{"footnotes":""},"_links":{"self":[{"href":"https:\/\/recherche.uqac.ca\/lerga\/wp-json\/wp\/v2\/pages\/2"}],"collection":[{"href":"https:\/\/recherche.uqac.ca\/lerga\/wp-json\/wp\/v2\/pages"}],"about":[{"href":"https:\/\/recherche.uqac.ca\/lerga\/wp-json\/wp\/v2\/types\/page"}],"author":[{"embeddable":true,"href":"https:\/\/recherche.uqac.ca\/lerga\/wp-json\/wp\/v2\/users\/19"}],"replies":[{"embeddable":true,"href":"https:\/\/recherche.uqac.ca\/lerga\/wp-json\/wp\/v2\/comments?post=2"}],"version-history":[{"count":5,"href":"https:\/\/recherche.uqac.ca\/lerga\/wp-json\/wp\/v2\/pages\/2\/revisions"}],"predecessor-version":[{"id":206,"href":"https:\/\/recherche.uqac.ca\/lerga\/wp-json\/wp\/v2\/pages\/2\/revisions\/206"}],"wp:attachment":[{"href":"https:\/\/recherche.uqac.ca\/lerga\/wp-json\/wp\/v2\/media?parent=2"}],"curies":[{"name":"wp","href":"https:\/\/api.w.org\/{rel}","templated":true}]}}