{"id":33,"date":"2018-11-22T21:58:01","date_gmt":"2018-11-22T20:58:01","guid":{"rendered":"https:\/\/recherche.uqac.ca\/lerga\/?page_id=33"},"modified":"2020-01-07T22:19:34","modified_gmt":"2020-01-07T21:19:34","slug":"instruments","status":"publish","type":"page","link":"https:\/\/recherche.uqac.ca\/lerga\/geographes-de-terrain\/instruments\/","title":{"rendered":"Instruments"},"content":{"rendered":"<p>Instruments au Lerga :<\/p>\n<ul>\n<li>Drone DJI M210\n<ul>\n<li>Cam\u00e9ra multispectrale RedEgde de Micasense<\/li>\n<li>Cam\u00e9ra radiom\u00e9trique thermique\u00a0Zenmuse XT de Flir<\/li>\n<li>Cam\u00e9ra RGB X4S de DJI<\/li>\n<\/ul>\n<\/li>\n<\/ul>\n<p><a href=\"https:\/\/recherche.uqac.ca\/lerga\/wp-content\/uploads\/sites\/9\/2018\/11\/Image1.jpg\"><img loading=\"lazy\" decoding=\"async\" class=\"alignnone  wp-image-105\" src=\"https:\/\/recherche.uqac.ca\/lerga\/wp-content\/uploads\/sites\/9\/2018\/11\/Image1-300x225.jpg\" alt=\"Image1\" width=\"231\" height=\"173\" srcset=\"https:\/\/recherche.uqac.ca\/lerga\/wp-content\/uploads\/sites\/9\/2018\/11\/Image1-300x225.jpg 300w, https:\/\/recherche.uqac.ca\/lerga\/wp-content\/uploads\/sites\/9\/2018\/11\/Image1.jpg 508w\" sizes=\"(max-width: 231px) 100vw, 231px\" \/><\/a> <a href=\"https:\/\/recherche.uqac.ca\/lerga\/wp-content\/uploads\/sites\/9\/2018\/11\/IMG_1715.jpg\"><img loading=\"lazy\" decoding=\"async\" class=\"alignnone  wp-image-111\" src=\"https:\/\/recherche.uqac.ca\/lerga\/wp-content\/uploads\/sites\/9\/2018\/11\/IMG_1715-300x225.jpg\" alt=\"IMG_1715\" width=\"232\" height=\"174\" srcset=\"https:\/\/recherche.uqac.ca\/lerga\/wp-content\/uploads\/sites\/9\/2018\/11\/IMG_1715-300x225.jpg 300w, https:\/\/recherche.uqac.ca\/lerga\/wp-content\/uploads\/sites\/9\/2018\/11\/IMG_1715-1024x768.jpg 1024w\" sizes=\"(max-width: 232px) 100vw, 232px\" \/><\/a><\/p>\n<ul>\n<li>DGPS Leica Viva GS14<\/li>\n<\/ul>\n<p><a href=\"https:\/\/recherche.uqac.ca\/lerga\/wp-content\/uploads\/sites\/9\/2018\/11\/IMG_0669.jpg\"><img loading=\"lazy\" decoding=\"async\" class=\"alignnone wp-image-102 \" src=\"https:\/\/recherche.uqac.ca\/lerga\/wp-content\/uploads\/sites\/9\/2018\/11\/IMG_0669-150x150.jpg\" alt=\"IMG_0669\" width=\"200\" height=\"200\" \/><\/a> <a href=\"https:\/\/recherche.uqac.ca\/lerga\/wp-content\/uploads\/sites\/9\/2018\/11\/IMG_0626.jpg\"><img loading=\"lazy\" decoding=\"async\" class=\"alignnone wp-image-104 \" src=\"https:\/\/recherche.uqac.ca\/lerga\/wp-content\/uploads\/sites\/9\/2018\/11\/IMG_0626-300x225.jpg\" alt=\"IMG_0626\" width=\"261\" height=\"195\" srcset=\"https:\/\/recherche.uqac.ca\/lerga\/wp-content\/uploads\/sites\/9\/2018\/11\/IMG_0626-300x225.jpg 300w, https:\/\/recherche.uqac.ca\/lerga\/wp-content\/uploads\/sites\/9\/2018\/11\/IMG_0626-1024x768.jpg 1024w\" sizes=\"(max-width: 261px) 100vw, 261px\" \/><\/a><\/p>\n<ul>\n<li>Niveau a stadia &#8211; Leica<\/li>\n<\/ul>\n<p><a href=\"https:\/\/recherche.uqac.ca\/lerga\/wp-content\/uploads\/sites\/9\/2018\/11\/IMG_1571-e1578431734479.jpg\"><img loading=\"lazy\" decoding=\"async\" class=\"alignnone  wp-image-110\" src=\"https:\/\/recherche.uqac.ca\/lerga\/wp-content\/uploads\/sites\/9\/2018\/11\/IMG_1571-e1578431734479-300x152.jpg\" alt=\"IMG_1571\" width=\"355\" height=\"180\" srcset=\"https:\/\/recherche.uqac.ca\/lerga\/wp-content\/uploads\/sites\/9\/2018\/11\/IMG_1571-e1578431734479-300x152.jpg 300w, https:\/\/recherche.uqac.ca\/lerga\/wp-content\/uploads\/sites\/9\/2018\/11\/IMG_1571-e1578431734479-1024x517.jpg 1024w\" sizes=\"(max-width: 355px) 100vw, 355px\" \/><\/a><\/p>\n<ul>\n<li>\u00c9chosondeur Hydrolite TM<\/li>\n<\/ul>\n<p><a href=\"https:\/\/recherche.uqac.ca\/lerga\/wp-content\/uploads\/sites\/9\/2018\/11\/DSCN3578.jpg\"><img loading=\"lazy\" decoding=\"async\" class=\"alignnone size-medium wp-image-113\" src=\"https:\/\/recherche.uqac.ca\/lerga\/wp-content\/uploads\/sites\/9\/2018\/11\/DSCN3578-300x225.jpg\" alt=\"DSCN3578\" width=\"300\" height=\"225\" srcset=\"https:\/\/recherche.uqac.ca\/lerga\/wp-content\/uploads\/sites\/9\/2018\/11\/DSCN3578-300x225.jpg 300w, https:\/\/recherche.uqac.ca\/lerga\/wp-content\/uploads\/sites\/9\/2018\/11\/DSCN3578-1024x768.jpg 1024w\" sizes=\"(max-width: 300px) 100vw, 300px\" \/><\/a><\/p>\n<ul>\n<li>Antenne pit tags passifs &#8211; Aquartis<\/li>\n<\/ul>\n<p><a href=\"https:\/\/recherche.uqac.ca\/lerga\/wp-content\/uploads\/sites\/9\/2018\/11\/IMG_1719.jpg\"><img loading=\"lazy\" decoding=\"async\" class=\"alignnone  wp-image-112\" src=\"https:\/\/recherche.uqac.ca\/lerga\/wp-content\/uploads\/sites\/9\/2018\/11\/IMG_1719-300x225.jpg\" alt=\"IMG_1719\" width=\"259\" height=\"194\" srcset=\"https:\/\/recherche.uqac.ca\/lerga\/wp-content\/uploads\/sites\/9\/2018\/11\/IMG_1719-300x225.jpg 300w, https:\/\/recherche.uqac.ca\/lerga\/wp-content\/uploads\/sites\/9\/2018\/11\/IMG_1719-1024x768.jpg 1024w\" sizes=\"(max-width: 259px) 100vw, 259px\" \/><\/a> <a href=\"https:\/\/recherche.uqac.ca\/lerga\/wp-content\/uploads\/sites\/9\/2018\/11\/IMG_1236-e1578431841627.jpg\"><img loading=\"lazy\" decoding=\"async\" class=\"alignnone  wp-image-109\" src=\"https:\/\/recherche.uqac.ca\/lerga\/wp-content\/uploads\/sites\/9\/2018\/11\/IMG_1236-e1578431841627-225x300.jpg\" alt=\"IMG_1236\" width=\"146\" height=\"195\" srcset=\"https:\/\/recherche.uqac.ca\/lerga\/wp-content\/uploads\/sites\/9\/2018\/11\/IMG_1236-e1578431841627-225x300.jpg 225w, https:\/\/recherche.uqac.ca\/lerga\/wp-content\/uploads\/sites\/9\/2018\/11\/IMG_1236-e1578431841627-768x1024.jpg 768w, https:\/\/recherche.uqac.ca\/lerga\/wp-content\/uploads\/sites\/9\/2018\/11\/IMG_1236-e1578431841627.jpg 1512w\" sizes=\"(max-width: 146px) 100vw, 146px\" \/><\/a><\/p>\n<ul>\n<li>Antennes pit tags actifs &#8211; ELA<\/li>\n<\/ul>\n<ul>\n<li>Canot Esquif prospecteur 16<\/li>\n<\/ul>\n<p><a href=\"https:\/\/recherche.uqac.ca\/lerga\/wp-content\/uploads\/sites\/9\/2018\/11\/IMG_0856.jpg\"><img loading=\"lazy\" decoding=\"async\" class=\"alignnone size-medium wp-image-114\" src=\"https:\/\/recherche.uqac.ca\/lerga\/wp-content\/uploads\/sites\/9\/2018\/11\/IMG_0856-300x225.jpg\" alt=\"IMG_0856\" width=\"300\" height=\"225\" srcset=\"https:\/\/recherche.uqac.ca\/lerga\/wp-content\/uploads\/sites\/9\/2018\/11\/IMG_0856-300x225.jpg 300w, https:\/\/recherche.uqac.ca\/lerga\/wp-content\/uploads\/sites\/9\/2018\/11\/IMG_0856-1024x768.jpg 1024w\" sizes=\"(max-width: 300px) 100vw, 300px\" \/><\/a><\/p>\n<ul>\n<li>Plusieurs GPS Garmin<\/li>\n<\/ul>\n<ul>\n<li>Cameras automatis\u00e9es &#8211; Reconyx et Spypoint<\/li>\n<\/ul>\n<ul>\n<li>Courantom\u00e8tre \u00e0 H\u00e9lice Global Water<\/li>\n<\/ul>\n<p><a href=\"https:\/\/recherche.uqac.ca\/lerga\/wp-content\/uploads\/sites\/9\/2018\/11\/IMG_0670.jpg\"><img loading=\"lazy\" decoding=\"async\" class=\"alignnone size-medium wp-image-107\" src=\"https:\/\/recherche.uqac.ca\/lerga\/wp-content\/uploads\/sites\/9\/2018\/11\/IMG_0670-300x225.jpg\" alt=\"IMG_0670\" width=\"300\" height=\"225\" srcset=\"https:\/\/recherche.uqac.ca\/lerga\/wp-content\/uploads\/sites\/9\/2018\/11\/IMG_0670-300x225.jpg 300w, https:\/\/recherche.uqac.ca\/lerga\/wp-content\/uploads\/sites\/9\/2018\/11\/IMG_0670-1024x768.jpg 1024w, https:\/\/recherche.uqac.ca\/lerga\/wp-content\/uploads\/sites\/9\/2018\/11\/IMG_0670.jpg 2016w\" sizes=\"(max-width: 300px) 100vw, 300px\" \/><\/a><\/p>\n<ul>\n<li>Et plusieurs petits instruments de terrain&#8230;.<\/li>\n<\/ul>\n<p>&nbsp;<\/p>\n","protected":false},"excerpt":{"rendered":"<p>Instruments au Lerga : Drone DJI M210 Cam\u00e9ra multispectrale RedEgde de Micasense Cam\u00e9ra radiom\u00e9trique thermique\u00a0Zenmuse XT de Flir Cam\u00e9ra RGB X4S de DJI DGPS Leica Viva GS14 Niveau a stadia &#8211; Leica \u00c9chosondeur Hydrolite TM Antenne pit tags passifs &#8211; Aquartis Antennes pit tags actifs &#8211; ELA Canot Esquif prospecteur 16 Plusieurs GPS Garmin Cameras &hellip; <a href=\"https:\/\/recherche.uqac.ca\/lerga\/geographes-de-terrain\/instruments\/\" class=\"more-link\">Continuer la lecture de <span class=\"screen-reader-text\">Instruments<\/span>  <span class=\"meta-nav\">&rarr;<\/span><\/a><\/p>\n","protected":false},"author":19,"featured_media":0,"parent":29,"menu_order":0,"comment_status":"closed","ping_status":"closed","template":"","meta":{"footnotes":""},"_links":{"self":[{"href":"https:\/\/recherche.uqac.ca\/lerga\/wp-json\/wp\/v2\/pages\/33"}],"collection":[{"href":"https:\/\/recherche.uqac.ca\/lerga\/wp-json\/wp\/v2\/pages"}],"about":[{"href":"https:\/\/recherche.uqac.ca\/lerga\/wp-json\/wp\/v2\/types\/page"}],"author":[{"embeddable":true,"href":"https:\/\/recherche.uqac.ca\/lerga\/wp-json\/wp\/v2\/users\/19"}],"replies":[{"embeddable":true,"href":"https:\/\/recherche.uqac.ca\/lerga\/wp-json\/wp\/v2\/comments?post=33"}],"version-history":[{"count":5,"href":"https:\/\/recherche.uqac.ca\/lerga\/wp-json\/wp\/v2\/pages\/33\/revisions"}],"predecessor-version":[{"id":115,"href":"https:\/\/recherche.uqac.ca\/lerga\/wp-json\/wp\/v2\/pages\/33\/revisions\/115"}],"up":[{"embeddable":true,"href":"https:\/\/recherche.uqac.ca\/lerga\/wp-json\/wp\/v2\/pages\/29"}],"wp:attachment":[{"href":"https:\/\/recherche.uqac.ca\/lerga\/wp-json\/wp\/v2\/media?parent=33"}],"curies":[{"name":"wp","href":"https:\/\/api.w.org\/{rel}","templated":true}]}}