{"id":4,"date":"2019-03-22T13:58:12","date_gmt":"2019-03-22T12:58:12","guid":{"rendered":"https:\/\/recherche.uqac.ca\/lerga\/?page_id=4"},"modified":"2024-02-05T16:01:59","modified_gmt":"2024-02-05T15:01:59","slug":"guide-bois-en-riviere","status":"publish","type":"page","link":"https:\/\/recherche.uqac.ca\/lerga\/guide-bois-en-riviere\/","title":{"rendered":"Guide bois en rivi\u00e8re 2019"},"content":{"rendered":"<p><strong>Guide d&rsquo;analyse\u00a0de la dynamique du bois en rivi\u00e8re : outils d&rsquo;aide \u00e0 la d\u00e9cision &#8211; UQAC\/UQAR\u00a0<\/strong><\/p>\n<p><img loading=\"lazy\" decoding=\"async\" class=\"aligncenter wp-image-47 size-large\" src=\"https:\/\/recherche.uqac.ca\/lerga\/wp-content\/uploads\/sites\/9\/2019\/03\/image_page_web-1024x486.jpg\" alt=\"image_page_web\" width=\"474\" height=\"225\" srcset=\"https:\/\/recherche.uqac.ca\/lerga\/wp-content\/uploads\/sites\/9\/2019\/03\/image_page_web-1024x486.jpg 1024w, https:\/\/recherche.uqac.ca\/lerga\/wp-content\/uploads\/sites\/9\/2019\/03\/image_page_web-300x142.jpg 300w, https:\/\/recherche.uqac.ca\/lerga\/wp-content\/uploads\/sites\/9\/2019\/03\/image_page_web.jpg 1486w\" sizes=\"(max-width: 474px) 100vw, 474px\" \/><\/p>\n<p>Pour appuyer les acteurs de l\u2019eau dans des circonstances o\u00f9 des d\u00e9cisions concernant la dynamique du bois en rivi\u00e8re doivent \u00eatre prises rapidement, ce guide propose un outil d\u2019aide \u00e0 la d\u00e9cision inspir\u00e9 de <em>l\u2019indice de qualit\u00e9 morphologique<\/em> de Rinaldi (2015; 2013).<\/p>\n<p><strong>Guide sur la dynamique du bois en rivi\u00e8re. Version 1.0 (Mars 2019):\u00a0<\/strong><\/p>\n<p><strong>Lien du guide :\u00a0<a href=\"https:\/\/www.uqac.ca\/drc-docs\/lerga\/Guide-Embacle-Bois-Quebec-version 2022.pdf\" target=\"_blank\">Boivin et al. 2019. Guide dynamique du bois en riviere UQAC-UQAR_<\/a><\/strong><\/p>\n<p><strong>Boivin, M., Maltais, M., et Buffin-B\u00e9langer, T. 2019.\u00a0Guide d\u2019analyse de la dynamique du bois en rivi\u00e8re. Guide scientifique pr\u00e9sent\u00e9 au Conseil de l\u2019eau du Nord de la Gasp\u00e9sie et \u00e0 la Fondation de la Faune du Qu\u00e9bec. 97 pages + annexes<\/strong><\/p>\n<p>L\u2019outil propose d\u2019\u00e9valuer le dynamisme du cours d\u2019eau et les enjeux de la dynamique du bois en rivi\u00e8re. L\u2019id\u00e9e de l\u2019outil est de faire, pour un emb\u00e2cle donn\u00e9, un portrait le plus objectif possible de l\u2019environnement fluvial o\u00f9 il se trouve en r\u00e9pondant \u00e0 une s\u00e9rie de questions. Les questions concernent quatre composantes permettant d\u2019\u00e9clairer la d\u00e9cision de gestion du bois mort\u00a0: la dynamique fluviale, la dynamique du bois, le niveau de risque li\u00e9 aux enjeux et les habitats associ\u00e9s \u00e0 la pr\u00e9sence de bois en rivi\u00e8re.<\/p>\n<p>Pour chacune des composantes, une dizaine de questions \u00e0 choix de r\u00e9ponse sont propos\u00e9es. Les r\u00e9ponses aux questions donnent des scores entre 0 et 5 qui, cumul\u00e9s, permettent de quantifier un indice de l\u2019intensit\u00e9 relative de chacune des composantes \u00e0 consid\u00e9rer lors d\u2019une analyse portant sur la dynamique du bois en rivi\u00e8re. Vous pouvez t\u00e9l\u00e9charger la version \u00e0 jour de cet indice en cliquant sur le lien suivant :<\/p>\n<p><strong>Outil d&rsquo;aide \u00e0 la d\u00e9cision pour les gestionnaires de cours d&rsquo;eau. Version 1.1 (Ao\u00fbt 2019) :\u00a0<\/strong><\/p>\n<p><a href=\"https:\/\/recherche.uqac.ca\/lerga\/wp-content\/uploads\/sites\/9\/2019\/03\/Outil-d\u00e9cision-dynamique-Bois-en-rivi\u00e8re-Aout-2019.xlsm\" target=\"_blank\">Outil d\u00e9cision dynamique Bois en rivi\u00e8re &#8211; Ao\u00fbt-2019<\/a><\/p>\n<p>L\u2019int\u00e9r\u00eat des indices r\u00e9side dans leur croisement pour mieux cerner l\u2019environnement dans lequel se trouve l\u2019emb\u00e2cle. Le premier croisement propos\u00e9 est celui de l\u2019indice du dynamisme fluvial avec celui de la dynamique du bois\u00a0en rivi\u00e8re qui permet de d\u00e9terminer dans quelle mesure le bois est susceptible d\u2019avoir un effet sur le cours d\u2019eau. Si les valeurs des indices associ\u00e9s \u00e0 la dynamique du bois en rivi\u00e8re et \u00e0 celle du cours d\u2019eau sont \u00e9lev\u00e9es, il est possible d\u2019estimer que le bois\u00a0 affecte grandement la dynamique du cours d\u2019eau, parce qu\u2019il se situe dans un environnement sensible aux perturbations. Inversement, si le score associ\u00e9 au bois est \u00e9lev\u00e9, mais que celui de la dynamique fluviale est faible, les modifications g\u00e9omorphologiques susceptibles de survenir sur le cours d\u2019eau apparaissent comme mineures. Cette information est traduite dans une matrice graphique afin de faciliter l\u2019\u00e9valuation de la situation.<\/p>\n<p><a href=\"https:\/\/recherche.uqac.ca\/lerga\/wp-content\/uploads\/sites\/9\/2019\/03\/matrice_indice_Page_WEB_LERGA_final_final.jpg\"><img loading=\"lazy\" decoding=\"async\" class=\"alignnone wp-image-55 size-large\" src=\"https:\/\/recherche.uqac.ca\/lerga\/wp-content\/uploads\/sites\/9\/2019\/03\/matrice_indice_Page_WEB_LERGA_final_final-1024x568.jpg\" alt=\"\" width=\"474\" height=\"263\" srcset=\"https:\/\/recherche.uqac.ca\/lerga\/wp-content\/uploads\/sites\/9\/2019\/03\/matrice_indice_Page_WEB_LERGA_final_final-1024x568.jpg 1024w, https:\/\/recherche.uqac.ca\/lerga\/wp-content\/uploads\/sites\/9\/2019\/03\/matrice_indice_Page_WEB_LERGA_final_final-300x166.jpg 300w, https:\/\/recherche.uqac.ca\/lerga\/wp-content\/uploads\/sites\/9\/2019\/03\/matrice_indice_Page_WEB_LERGA_final_final-672x372.jpg 672w, https:\/\/recherche.uqac.ca\/lerga\/wp-content\/uploads\/sites\/9\/2019\/03\/matrice_indice_Page_WEB_LERGA_final_final-1038x576.jpg 1038w, https:\/\/recherche.uqac.ca\/lerga\/wp-content\/uploads\/sites\/9\/2019\/03\/matrice_indice_Page_WEB_LERGA_final_final.jpg 1254w\" sizes=\"(max-width: 474px) 100vw, 474px\" \/><\/a><\/p>\n<p>Cet outil, bien que bas\u00e9 sur une revue de litt\u00e9rature exhaustive, repr\u00e9sente toutefois une simplification de la r\u00e9alit\u00e9. La pr\u00e9sence de bois en rivi\u00e8re contribue \u00e0 modifier de fa\u00e7on majeure l\u2019\u00e9coulement de l\u2019eau, le transport des s\u00e9diments et la morphologie. Plusieurs d\u00e9tails peuvent \u00e9chapper au regard des observateurs, m\u00eame les plus attentifs. Il est donc recommand\u00e9 de l\u2019utiliser de fa\u00e7on rigoureuse en se r\u00e9f\u00e9rant au guide, car les informations qui s\u2019y trouvent permettent une meilleure utilisation du questionnaire associ\u00e9. De plus, il est pr\u00e9f\u00e9rable que sa mise en application soit effectu\u00e9e par une personne poss\u00e9dant une exp\u00e9rience en g\u00e9omorphologie fluviale afin que les r\u00e9sultats obtenus refl\u00e8tent au maximum la r\u00e9alit\u00e9 du terrain. Enfin, cet outil d\u2019aide \u00e0 la d\u00e9cision est le premier de ce genre \u00e0 faire son apparition au Qu\u00e9bec, en mati\u00e8re de gestion des bois en rivi\u00e8re.<\/p>\n<p>Cette version \u00e9lectronique doit \u00eatre utilis\u00e9e afin d\u2019obtenir le calcul direct des indices. Ainsi, les auteurs de ce guide esp\u00e8rent obtenir de la r\u00e9troaction en vue de bonifier le questionnaire pour le rendre le plus adapt\u00e9 possible aux r\u00e9alit\u00e9s du terrain et aux besoins des utilisateurs.<\/p>\n<p><strong>Pour toutes questions et pour toutes r\u00e9troactions, vous pouvez communiquer avec Maxime Boivin : maxime2_boivin@uqac.ca<\/strong><\/p>\n<p>&nbsp;<\/p>\n","protected":false},"excerpt":{"rendered":"<p>Guide d&rsquo;analyse\u00a0de la dynamique du bois en rivi\u00e8re : outils d&rsquo;aide \u00e0 la d\u00e9cision &#8211; UQAC\/UQAR\u00a0 Pour appuyer les acteurs de l\u2019eau dans des circonstances o\u00f9 des d\u00e9cisions concernant la dynamique du bois en rivi\u00e8re doivent \u00eatre prises rapidement, ce guide propose un outil d\u2019aide \u00e0 la d\u00e9cision inspir\u00e9 de l\u2019indice de qualit\u00e9 morphologique de &hellip; <a href=\"https:\/\/recherche.uqac.ca\/lerga\/guide-bois-en-riviere\/\" class=\"more-link\">Continuer la lecture de <span class=\"screen-reader-text\">Guide bois en rivi\u00e8re 2019<\/span>  <span class=\"meta-nav\">&rarr;<\/span><\/a><\/p>\n","protected":false},"author":19,"featured_media":0,"parent":0,"menu_order":0,"comment_status":"closed","ping_status":"closed","template":"","meta":{"footnotes":""},"_links":{"self":[{"href":"https:\/\/recherche.uqac.ca\/lerga\/wp-json\/wp\/v2\/pages\/4"}],"collection":[{"href":"https:\/\/recherche.uqac.ca\/lerga\/wp-json\/wp\/v2\/pages"}],"about":[{"href":"https:\/\/recherche.uqac.ca\/lerga\/wp-json\/wp\/v2\/types\/page"}],"author":[{"embeddable":true,"href":"https:\/\/recherche.uqac.ca\/lerga\/wp-json\/wp\/v2\/users\/19"}],"replies":[{"embeddable":true,"href":"https:\/\/recherche.uqac.ca\/lerga\/wp-json\/wp\/v2\/comments?post=4"}],"version-history":[{"count":18,"href":"https:\/\/recherche.uqac.ca\/lerga\/wp-json\/wp\/v2\/pages\/4\/revisions"}],"predecessor-version":[{"id":186,"href":"https:\/\/recherche.uqac.ca\/lerga\/wp-json\/wp\/v2\/pages\/4\/revisions\/186"}],"wp:attachment":[{"href":"https:\/\/recherche.uqac.ca\/lerga\/wp-json\/wp\/v2\/media?parent=4"}],"curies":[{"name":"wp","href":"https:\/\/api.w.org\/{rel}","templated":true}]}}