{"id":21,"date":"2020-01-31T03:46:29","date_gmt":"2020-01-31T02:46:29","guid":{"rendered":"https:\/\/recherche.uqac.ca\/r2eau\/?page_id=21"},"modified":"2020-12-29T07:16:12","modified_gmt":"2020-12-29T06:16:12","slug":"historique-des-activites","status":"publish","type":"page","link":"https:\/\/recherche.uqac.ca\/r2eau\/historique-de-la-recherche\/historique-des-activites\/","title":{"rendered":"Historique des activit\u00e9s"},"content":{"rendered":"<p style=\"text-align: justify\">Le Centre d\u2019\u00e9tudes sur les ressources min\u00e9rales (CERM) a \u00e9t\u00e9 mis sur pied en 1975 prenant le relais du Centre d\u2019\u00e9tudes sur le Moyen-Nord afin de d\u00e9velopper plus sp\u00e9cifiquement la recherche dans le secteur des ressources min\u00e9rales au sein des r\u00e9gions ressources. \u00c0 sa cr\u00e9ation, l&#8217;expertise du Centre s&#8217;est consolid\u00e9e autour de deux volets de recherche: l&#8217;exploration min\u00e9rale et le d\u00e9veloppement des ressources min\u00e9rales. En 1988, le CERM a d\u00e9but\u00e9 le d\u00e9veloppement d\u2019un troisi\u00e8me volet d\u2019intervention ax\u00e9 autour de l\u2019eau souterraine et de l\u2019hydrog\u00e9om\u00e9canique. L\u2019\u00e9quipe de recherche de ce volet a concentr\u00e9 ses activit\u00e9s \u00e0 l\u2019origine sur les probl\u00e8mes de l\u2019\u00e9coulement de l\u2019eau dans les massifs fractur\u00e9s. Progressivement, les th\u00e9matiques de recherche suivantes se sont d\u00e9velopp\u00e9es\u00a0:<\/p>\n<ul>\n<li style=\"text-align: justify\">couplage de ph\u00e9nom\u00e8nes hydrog\u00e9ologiques, g\u00e9om\u00e9caniques et hydrog\u00e9ochimiques en massif rocheux<\/li>\n<li style=\"text-align: justify\">\u00e9valuation des ressources en eau souterraine et<\/li>\n<li style=\"text-align: justify\">protection des sources souterraines d\u2019eau potable.<\/li>\n<\/ul>\n<p style=\"text-align: justify\">L\u2019\u00e9quipe regroupait des chercheurs sp\u00e9cialis\u00e9s en hydrog\u00e9ologie, en g\u00e9om\u00e9canique, en g\u00e9ochimie, en g\u00e9ologie structurale, en s\u00e9dimentologie, en t\u00e9l\u00e9d\u00e9tection et en g\u00e9omatique. Des collaborations en recherche se sont d\u00e9velopp\u00e9es \u00e0 l\u2019\u00e9chelle nationale et internationale. Progressivement, les champs d\u2019int\u00e9r\u00eat en recherche se diversifient pour inclure des \u00e9tudes sur l\u2019\u00e9coulement de l\u2019eau souterraine dans les milieux poreux, notamment dans les d\u00e9p\u00f4ts superficiels d\u2019\u00e2ge quaternaire. Plusieurs publications, m\u00e9moires et th\u00e8ses ont \u00e9t\u00e9 g\u00e9n\u00e9r\u00e9s par l\u2019\u00e9quipe de recherche.<\/p>\n","protected":false},"excerpt":{"rendered":"<p>Le Centre d\u2019\u00e9tudes sur les ressources min\u00e9rales (CERM) a \u00e9t\u00e9 mis sur pied en 1975 prenant le relais du Centre d\u2019\u00e9tudes sur le Moyen-Nord afin de d\u00e9velopper plus sp\u00e9cifiquement la recherche dans le secteur des ressources min\u00e9rales au sein des r\u00e9gions ressources. \u00c0 sa cr\u00e9ation, l&#8217;expertise du Centre s&#8217;est consolid\u00e9e autour de deux volets de &hellip; <a href=\"https:\/\/recherche.uqac.ca\/r2eau\/historique-de-la-recherche\/historique-des-activites\/\" class=\"more-link\">Continue reading <span class=\"screen-reader-text\">Historique des activit\u00e9s<\/span> <span class=\"meta-nav\">&rarr;<\/span><\/a><\/p>\n","protected":false},"author":23,"featured_media":0,"parent":18,"menu_order":0,"comment_status":"closed","ping_status":"closed","template":"","meta":{"footnotes":""},"_links":{"self":[{"href":"https:\/\/recherche.uqac.ca\/r2eau\/wp-json\/wp\/v2\/pages\/21"}],"collection":[{"href":"https:\/\/recherche.uqac.ca\/r2eau\/wp-json\/wp\/v2\/pages"}],"about":[{"href":"https:\/\/recherche.uqac.ca\/r2eau\/wp-json\/wp\/v2\/types\/page"}],"author":[{"embeddable":true,"href":"https:\/\/recherche.uqac.ca\/r2eau\/wp-json\/wp\/v2\/users\/23"}],"replies":[{"embeddable":true,"href":"https:\/\/recherche.uqac.ca\/r2eau\/wp-json\/wp\/v2\/comments?post=21"}],"version-history":[{"count":5,"href":"https:\/\/recherche.uqac.ca\/r2eau\/wp-json\/wp\/v2\/pages\/21\/revisions"}],"predecessor-version":[{"id":24,"href":"https:\/\/recherche.uqac.ca\/r2eau\/wp-json\/wp\/v2\/pages\/21\/revisions\/24"}],"up":[{"embeddable":true,"href":"https:\/\/recherche.uqac.ca\/r2eau\/wp-json\/wp\/v2\/pages\/18"}],"wp:attachment":[{"href":"https:\/\/recherche.uqac.ca\/r2eau\/wp-json\/wp\/v2\/media?parent=21"}],"curies":[{"name":"wp","href":"https:\/\/api.w.org\/{rel}","templated":true}]}}