{"id":403,"date":"2025-02-28T20:51:18","date_gmt":"2025-02-28T19:51:18","guid":{"rendered":"https:\/\/recherche.uqac.ca\/r2eau\/?page_id=403"},"modified":"2025-02-28T21:28:27","modified_gmt":"2025-02-28T20:28:27","slug":"camille-larouche","status":"publish","type":"page","link":"https:\/\/recherche.uqac.ca\/r2eau\/camille-larouche\/","title":{"rendered":"Camille Larouche"},"content":{"rendered":"<table style=\"width: 1109px;height: 215px\">\n<tbody>\n<tr>\n<td>\n<h1 style=\"color: #24890d;font-family: verdana;text-align: center\">Camille Larouche<\/h1>\n<p style=\"text-align: center\"><a href=\"https:\/\/recherche.uqac.ca\/r2eau\/wp-content\/uploads\/sites\/11\/2025\/02\/Camille-Larouche.png\"><img loading=\"lazy\" decoding=\"async\" class=\"alignnone size-full wp-image-404\" src=\"https:\/\/recherche.uqac.ca\/r2eau\/wp-content\/uploads\/sites\/11\/2025\/02\/Camille-Larouche.png\" alt=\"\" width=\"481\" height=\"645\" srcset=\"https:\/\/recherche.uqac.ca\/r2eau\/wp-content\/uploads\/sites\/11\/2025\/02\/Camille-Larouche.png 481w, https:\/\/recherche.uqac.ca\/r2eau\/wp-content\/uploads\/sites\/11\/2025\/02\/Camille-Larouche-224x300.png 224w\" sizes=\"(max-width: 481px) 100vw, 481px\" \/><\/a><\/p>\n<h5 style=\"text-align: center\">Caract\u00e9riser le potentiel de lixiviation de quatre mat\u00e9riaux de construction \u00e0 base de r\u00e9sidus de bauxite et leur impact environnemental<\/h5>\n<h5 style=\"text-align: left\"><span style=\"color: #008000\"><strong>Direction:<\/strong><\/span> Dr. Romain Chesneaux<\/h5>\n<h5 style=\"text-align: left\"><span style=\"color: #008000\"><strong>Co-direction:<\/strong><\/span> Dr. Reza Jafari<\/h5>\n<h5 style=\"text-align: left\"><span style=\"color: #008000\">R\u00f4le :<\/span> Ma\u00eetrise<\/h5>\n<h5><span style=\"color: #008000\">Informations de contact: <\/span><span style=\"color: #0000ff\"><a style=\"color: #0000ff\" href=\"clarouch30@etu.uqac.ca\" target=\"_blank\" rel=\"noopener\">clarouch30@etu.uqac.ca<\/a><\/span><\/h5>\n<h6 style=\"text-align: justify\"><span style=\"color: #008000\"><strong>Informations de la recherche :<\/strong><\/span> Le but de sa recherche est de <strong>caract\u00e9riser le potentiel de lixiviation de quatre mat\u00e9riaux de construction \u00e0 base de r\u00e9sidus de bauxite<\/strong> et d\u2019\u00e9valuer leur\u00a0<strong>impact environnemental<\/strong>. Pour ce faire, des\u00a0<strong>essais de lixiviation statiques et dynamiques<\/strong>\u00a0seront r\u00e9alis\u00e9s afin d\u2019analyser les lixiviats r\u00e9sultants. Ces analyses permettront de comprendre les\u00a0<strong>processus de lixiviation<\/strong>\u00a0propres \u00e0 chaque mat\u00e9riau et de les comparer avec des\u00a0<strong>mat\u00e9riaux de construction standard<\/strong>\u00a0ainsi qu\u2019avec les\u00a0<strong>normes l\u00e9gislatives en vigueur<\/strong>. Cette \u00e9tude vise \u00e0 d\u00e9terminer si les mat\u00e9riaux \u00e0 base de r\u00e9sidus de bauxite pr\u00e9sentent un risque environnemental acceptable pour leur utilisation dans la construction.<\/h6>\n<\/td>\n<\/tr>\n<\/tbody>\n<\/table>\n","protected":false},"excerpt":{"rendered":"<p>Camille Larouche Caract\u00e9riser le potentiel de lixiviation de quatre mat\u00e9riaux de construction \u00e0 base de r\u00e9sidus de bauxite et leur impact environnemental Direction: Dr. Romain Chesneaux Co-direction: Dr. Reza Jafari R\u00f4le : Ma\u00eetrise Informations de contact: clarouch30@etu.uqac.ca Informations de la recherche : Le but de sa recherche est de caract\u00e9riser le potentiel de lixiviation de &hellip; <a href=\"https:\/\/recherche.uqac.ca\/r2eau\/camille-larouche\/\" class=\"more-link\">Continue reading <span class=\"screen-reader-text\">Camille Larouche<\/span> <span class=\"meta-nav\">&rarr;<\/span><\/a><\/p>\n","protected":false},"author":39,"featured_media":0,"parent":0,"menu_order":0,"comment_status":"closed","ping_status":"closed","template":"","meta":{"footnotes":""},"_links":{"self":[{"href":"https:\/\/recherche.uqac.ca\/r2eau\/wp-json\/wp\/v2\/pages\/403"}],"collection":[{"href":"https:\/\/recherche.uqac.ca\/r2eau\/wp-json\/wp\/v2\/pages"}],"about":[{"href":"https:\/\/recherche.uqac.ca\/r2eau\/wp-json\/wp\/v2\/types\/page"}],"author":[{"embeddable":true,"href":"https:\/\/recherche.uqac.ca\/r2eau\/wp-json\/wp\/v2\/users\/39"}],"replies":[{"embeddable":true,"href":"https:\/\/recherche.uqac.ca\/r2eau\/wp-json\/wp\/v2\/comments?post=403"}],"version-history":[{"count":1,"href":"https:\/\/recherche.uqac.ca\/r2eau\/wp-json\/wp\/v2\/pages\/403\/revisions"}],"predecessor-version":[{"id":405,"href":"https:\/\/recherche.uqac.ca\/r2eau\/wp-json\/wp\/v2\/pages\/403\/revisions\/405"}],"wp:attachment":[{"href":"https:\/\/recherche.uqac.ca\/r2eau\/wp-json\/wp\/v2\/media?parent=403"}],"curies":[{"name":"wp","href":"https:\/\/api.w.org\/{rel}","templated":true}]}}