{"id":420,"date":"2025-02-28T21:27:10","date_gmt":"2025-02-28T20:27:10","guid":{"rendered":"https:\/\/recherche.uqac.ca\/r2eau\/?page_id=420"},"modified":"2025-03-03T20:02:39","modified_gmt":"2025-03-03T19:02:39","slug":"mahdiyeh-seifaddini","status":"publish","type":"page","link":"https:\/\/recherche.uqac.ca\/r2eau\/mahdiyeh-seifaddini\/","title":{"rendered":"Mahdiyeh Seifaddini"},"content":{"rendered":"<table style=\"width: 1109px;height: 215px\">\n<tbody>\n<tr>\n<td>\n<h1 style=\"color: #24890d;font-family: verdana;text-align: center\">Mahdiyeh Seifaddini<\/h1>\n<p style=\"text-align: center\"><a href=\"https:\/\/recherche.uqac.ca\/r2eau\/wp-content\/uploads\/sites\/11\/2025\/03\/Mahdiyeh-Seifaddini-1.jpg\"><img loading=\"lazy\" decoding=\"async\" class=\"alignnone size-large wp-image-442\" src=\"https:\/\/recherche.uqac.ca\/r2eau\/wp-content\/uploads\/sites\/11\/2025\/03\/Mahdiyeh-Seifaddini-1-682x1024.jpg\" alt=\"\" width=\"474\" height=\"712\" srcset=\"https:\/\/recherche.uqac.ca\/r2eau\/wp-content\/uploads\/sites\/11\/2025\/03\/Mahdiyeh-Seifaddini-1-682x1024.jpg 682w, https:\/\/recherche.uqac.ca\/r2eau\/wp-content\/uploads\/sites\/11\/2025\/03\/Mahdiyeh-Seifaddini-1-200x300.jpg 200w, https:\/\/recherche.uqac.ca\/r2eau\/wp-content\/uploads\/sites\/11\/2025\/03\/Mahdiyeh-Seifaddini-1-768x1153.jpg 768w, https:\/\/recherche.uqac.ca\/r2eau\/wp-content\/uploads\/sites\/11\/2025\/03\/Mahdiyeh-Seifaddini-1-1023x1536.jpg 1023w, https:\/\/recherche.uqac.ca\/r2eau\/wp-content\/uploads\/sites\/11\/2025\/03\/Mahdiyeh-Seifaddini-1.jpg 1080w\" sizes=\"(max-width: 474px) 100vw, 474px\" \/><\/a><\/p>\n<h5 style=\"text-align: center\">Professionnelle de recherche, Universit\u00e9 du Qu\u00e9bec \u00e0 Chicoutimi<\/h5>\n<h5 style=\"text-align: left\"><span style=\"color: #008000\">Sujets de recherche int\u00e9ress\u00e9s : <\/span>G\u00e9om\u00e9canique<\/h5>\n<h5><span style=\"color: #008000\">Informations de contact: <\/span><span style=\"color: #0000ff\"><a style=\"color: #0000ff\" href=\"mailto:mseifadd@uqac.ca\" target=\"_blank\" rel=\"noopener\">mseifadd@uqac.ca<\/a><\/span><\/h5>\n<h6 style=\"text-align: justify\"><span style=\"color: #008000\"><strong>Biographie :<\/strong><\/span> Mahdiyeh Seifaddani a obtenu mon doctorat en m\u00e9canique des mat\u00e9riaux fragiles et je travaille comme professionnelle de recherche \u00e0 l&#8217;UQAC depuis 2019. Ses recherches portent sur l\u2019analyse du comportement m\u00e9canique des roches cristallines en laboratoire, notamment sous compression, traction et cisaillement. Elle s&#8217;int\u00e9resse \u00e9galement \u00e0 la mod\u00e9lisation num\u00e9rique pour pr\u00e9voir les effondrements dans les ouvrages g\u00e9om\u00e9caniques. Par ailleurs, elle \u00e9tudie l\u2019influence de la min\u00e9ralogie et des param\u00e8tres physiques des r\u00e9sidus miniers sur leur comportement m\u00e9canique.<\/h6>\n<\/td>\n<\/tr>\n<\/tbody>\n<\/table>\n","protected":false},"excerpt":{"rendered":"<p>Mahdiyeh Seifaddini Professionnelle de recherche, Universit\u00e9 du Qu\u00e9bec \u00e0 Chicoutimi Sujets de recherche int\u00e9ress\u00e9s : G\u00e9om\u00e9canique Informations de contact: mseifadd@uqac.ca Biographie : Mahdiyeh Seifaddani a obtenu mon doctorat en m\u00e9canique des mat\u00e9riaux fragiles et je travaille comme professionnelle de recherche \u00e0 l&#8217;UQAC depuis 2019. Ses recherches portent sur l\u2019analyse du comportement m\u00e9canique des roches cristallines &hellip; <a href=\"https:\/\/recherche.uqac.ca\/r2eau\/mahdiyeh-seifaddini\/\" class=\"more-link\">Continue reading <span class=\"screen-reader-text\">Mahdiyeh Seifaddini<\/span> <span class=\"meta-nav\">&rarr;<\/span><\/a><\/p>\n","protected":false},"author":39,"featured_media":0,"parent":0,"menu_order":0,"comment_status":"closed","ping_status":"closed","template":"","meta":{"footnotes":""},"_links":{"self":[{"href":"https:\/\/recherche.uqac.ca\/r2eau\/wp-json\/wp\/v2\/pages\/420"}],"collection":[{"href":"https:\/\/recherche.uqac.ca\/r2eau\/wp-json\/wp\/v2\/pages"}],"about":[{"href":"https:\/\/recherche.uqac.ca\/r2eau\/wp-json\/wp\/v2\/types\/page"}],"author":[{"embeddable":true,"href":"https:\/\/recherche.uqac.ca\/r2eau\/wp-json\/wp\/v2\/users\/39"}],"replies":[{"embeddable":true,"href":"https:\/\/recherche.uqac.ca\/r2eau\/wp-json\/wp\/v2\/comments?post=420"}],"version-history":[{"count":4,"href":"https:\/\/recherche.uqac.ca\/r2eau\/wp-json\/wp\/v2\/pages\/420\/revisions"}],"predecessor-version":[{"id":443,"href":"https:\/\/recherche.uqac.ca\/r2eau\/wp-json\/wp\/v2\/pages\/420\/revisions\/443"}],"wp:attachment":[{"href":"https:\/\/recherche.uqac.ca\/r2eau\/wp-json\/wp\/v2\/media?parent=420"}],"curies":[{"name":"wp","href":"https:\/\/api.w.org\/{rel}","templated":true}]}}