{"id":619,"date":"2026-01-20T17:00:11","date_gmt":"2026-01-20T16:00:11","guid":{"rendered":"https:\/\/recherche.uqac.ca\/r2eau\/?page_id=619"},"modified":"2026-01-21T20:15:47","modified_gmt":"2026-01-21T19:15:47","slug":"salma-slimen","status":"publish","type":"page","link":"https:\/\/recherche.uqac.ca\/r2eau\/salma-slimen\/","title":{"rendered":"Salma Slimen"},"content":{"rendered":"<table style=\"width: 1109px;height: 215px\">\n<tbody>\n<tr>\n<td>\n<h1 style=\"color: #24890d;font-family: verdana;text-align: center\">Salma Slimen<\/h1>\n<p style=\"text-align: center\"><a href=\"https:\/\/recherche.uqac.ca\/r2eau\/wp-content\/uploads\/sites\/11\/2026\/01\/Salma-SLIMEN.png\"><img loading=\"lazy\" decoding=\"async\" class=\"alignnone wp-image-620 size-large\" src=\"https:\/\/recherche.uqac.ca\/r2eau\/wp-content\/uploads\/sites\/11\/2026\/01\/Salma-SLIMEN-748x1024.png\" alt=\"\" width=\"474\" height=\"649\" srcset=\"https:\/\/recherche.uqac.ca\/r2eau\/wp-content\/uploads\/sites\/11\/2026\/01\/Salma-SLIMEN-748x1024.png 748w, https:\/\/recherche.uqac.ca\/r2eau\/wp-content\/uploads\/sites\/11\/2026\/01\/Salma-SLIMEN-219x300.png 219w, https:\/\/recherche.uqac.ca\/r2eau\/wp-content\/uploads\/sites\/11\/2026\/01\/Salma-SLIMEN-768x1051.png 768w, https:\/\/recherche.uqac.ca\/r2eau\/wp-content\/uploads\/sites\/11\/2026\/01\/Salma-SLIMEN.png 848w\" sizes=\"(max-width: 474px) 100vw, 474px\" \/><\/a><\/p>\n<h5 style=\"text-align: center\">\u00c9valuation de l\u2019efficacit\u00e9 structurale des \u00e9triers de cisaillement \u00e0 une seule jambe ancr\u00e9s par un crochet \u00e0 90\u00b0 dans les \u00e9l\u00e9ments en b\u00e9ton arm\u00e9<\/h5>\n<h5 style=\"text-align: left\"><span style=\"color: #008000\"><strong>Direction:<\/strong><\/span> Dr. Mathieu Fiset<\/h5>\n<h5 style=\"text-align: left\"><span style=\"color: #008000\"><strong>Co-direction:<\/strong><\/span> Dr. Jos\u00e9e Bastien<\/h5>\n<h5 style=\"text-align: left\"><span style=\"color: #008000\">R\u00f4le :<\/span> Ma\u00eetrise<\/h5>\n<h5><span style=\"color: #008000\">Informations de contact: <\/span><span style=\"color: #0000ff\"><a style=\"color: #0000ff\" href=\"mailto:sslimen@etu.uqac.ca\" target=\"_blank\" rel=\"noopener\">sslimen@etu.uqac.ca<\/a><\/span><\/h5>\n<h6 style=\"text-align: justify\"><span style=\"color: #008000\"><strong>Informations de la recherche : <\/strong><\/span>Son projet de ma\u00eetrise porte sur l\u2019\u00e9valuation de l\u2019efficacit\u00e9 structurale des \u00e9triers de cisaillement \u00e0 une seule jambe ancr\u00e9s par un crochet \u00e0 90\u00b0 dans les poutres et dalles en b\u00e9ton arm\u00e9. Bien que le Code canadien CSA A23.3 autorise ce type d\u2019ancrage sous condition de confinement ad\u00e9quat, aucune m\u00e9thode rationnelle n\u2019est propos\u00e9e pour en v\u00e9rifier la validit\u00e9. Le projet combine une campagne d\u2019essais exp\u00e9rimentaux sur des poutres et le d\u00e9veloppement d\u2019un mod\u00e8le num\u00e9rique dans le logiciel VecTor, fond\u00e9 sur une loi d\u2019adh\u00e9rence calibr\u00e9e \u00e0 partir des r\u00e9sultats exp\u00e9rimentaux. Les travaux visent \u00e0 \u00e9tablir des crit\u00e8res de conception et \u00e0 formuler des recommandations pratiques pour une utilisation s\u00e9curitaire et rationnelle de ces \u00e9triers dans le cadre du CSA A23.3.<\/h6>\n<\/td>\n<\/tr>\n<\/tbody>\n<\/table>\n","protected":false},"excerpt":{"rendered":"<p>Salma Slimen \u00c9valuation de l\u2019efficacit\u00e9 structurale des \u00e9triers de cisaillement \u00e0 une seule jambe ancr\u00e9s par un crochet \u00e0 90\u00b0 dans les \u00e9l\u00e9ments en b\u00e9ton arm\u00e9 Direction: Dr. Mathieu Fiset Co-direction: Dr. Jos\u00e9e Bastien R\u00f4le : Ma\u00eetrise Informations de contact: sslimen@etu.uqac.ca Informations de la recherche : Son projet de ma\u00eetrise porte sur l\u2019\u00e9valuation de l\u2019efficacit\u00e9 &hellip; <a href=\"https:\/\/recherche.uqac.ca\/r2eau\/salma-slimen\/\" class=\"more-link\">Continue reading <span class=\"screen-reader-text\">Salma Slimen<\/span> <span class=\"meta-nav\">&rarr;<\/span><\/a><\/p>\n","protected":false},"author":39,"featured_media":0,"parent":0,"menu_order":0,"comment_status":"closed","ping_status":"closed","template":"","meta":{"footnotes":""},"_links":{"self":[{"href":"https:\/\/recherche.uqac.ca\/r2eau\/wp-json\/wp\/v2\/pages\/619"}],"collection":[{"href":"https:\/\/recherche.uqac.ca\/r2eau\/wp-json\/wp\/v2\/pages"}],"about":[{"href":"https:\/\/recherche.uqac.ca\/r2eau\/wp-json\/wp\/v2\/types\/page"}],"author":[{"embeddable":true,"href":"https:\/\/recherche.uqac.ca\/r2eau\/wp-json\/wp\/v2\/users\/39"}],"replies":[{"embeddable":true,"href":"https:\/\/recherche.uqac.ca\/r2eau\/wp-json\/wp\/v2\/comments?post=619"}],"version-history":[{"count":5,"href":"https:\/\/recherche.uqac.ca\/r2eau\/wp-json\/wp\/v2\/pages\/619\/revisions"}],"predecessor-version":[{"id":630,"href":"https:\/\/recherche.uqac.ca\/r2eau\/wp-json\/wp\/v2\/pages\/619\/revisions\/630"}],"wp:attachment":[{"href":"https:\/\/recherche.uqac.ca\/r2eau\/wp-json\/wp\/v2\/media?parent=619"}],"curies":[{"name":"wp","href":"https:\/\/api.w.org\/{rel}","templated":true}]}}